{"id":71269,"date":"2021-09-01T14:10:04","date_gmt":"2021-09-01T17:10:04","guid":{"rendered":"https:\/\/aberje.com.br\/editora\/?post_type=product&#038;p=71269"},"modified":"2025-10-14T08:12:51","modified_gmt":"2025-10-14T11:12:51","slug":"a-comunicacao-no-comando","status":"publish","type":"product","link":"https:\/\/www.aberje.com.br\/editora\/livro\/a-comunicacao-no-comando\/","title":{"rendered":"A Comunica\u00e7\u00e3o no Comando"},"content":{"rendered":"<p>A crescente participa\u00e7\u00e3o dos ativos intang\u00edveis na composi\u00e7\u00e3o do valor das organiza\u00e7\u00f5es tem exigido mais executivos capazes de operar e administrar esse patrim\u00f4nio de forma estrat\u00e9gica.<br \/>\nCuriosamente, ainda s\u00e3o raros os profissionais da comunica\u00e7\u00e3o que participam na formula\u00e7\u00e3o das mais altas estrat\u00e9gias empresariais. Em geral, a comunica\u00e7\u00e3o se limita a alinhar o seu plano \u00e0s diretrizes previamente definidas pela dire\u00e7\u00e3o.<br \/>\nNeste contexto, um novo horizonte de possibilidades se abre para o comunicador devidamente preparado a ocupar assento no C-Level, de onde ele pode influenciar diretamente as estrat\u00e9gias pelo olhar e pela sensibilidade da comunica\u00e7\u00e3o.<br \/>\nClaudio Cardoso nos oferece neste livro a sua vis\u00e3o sobre uma nova era na qual o comunicador ser\u00e1 cada vez mais requisitado a ocupar a sua posi\u00e7\u00e3o na alta lideran\u00e7a. Um profissional que se mantenha inspirado pela miss\u00e3o de criar valor intang\u00edvel e administrar essa riqueza imaterial.<br \/>\nO autor adiciona \u00e0 sua contribui\u00e7\u00e3o uma caixa de ferramentas recheada de instrumentos preciosos para o profissional do futuro.<\/p>\n<p>&nbsp;<\/p>\n<p><strong>T\u00edtulo:\u00a0<\/strong>A Comunica\u00e7\u00e3o no Comando &#8211; Ferramentas para a gest\u00e3o de ativos intang\u00edveis<\/p>\n<p><strong>Autor:<\/strong> Claudio Cardoso<\/p>\n<p><strong>N\u00famero de p\u00e1ginas:<\/strong> 235<\/p>\n<p><strong>Editora:\u00a0<\/strong>Aberje Editorial<\/p>\n","protected":false},"excerpt":{"rendered":"<p>A crescente participa\u00e7\u00e3o dos ativos intang\u00edveis na composi\u00e7\u00e3o do valor das organiza\u00e7\u00f5es tem exigido mais executivos capazes de operar e administrar esse patrim\u00f4nio de forma estrat\u00e9gica. Curiosamente, ainda s\u00e3o raros os profissionais da comunica\u00e7\u00e3o que participam na formula\u00e7\u00e3o das mais altas estrat\u00e9gias empresariais. Em geral, a comunica\u00e7\u00e3o se limita a alinhar o seu plano \u00e0s &hellip; <a href=\"https:\/\/www.aberje.com.br\/editora\/livro\/a-comunicacao-no-comando\/\" class=\"more-link\">Continuar lendo <span class=\"screen-reader-text\">A Comunica\u00e7\u00e3o no Comando<\/span><\/a><\/p>\n","protected":false},"featured_media":71270,"template":"","meta":{"_acf_changed":false},"product_brand":[],"product_cat":[57,54,80],"product_tag":[71],"class_list":{"0":"post-71269","1":"product","2":"type-product","3":"status-publish","4":"has-post-thumbnail","6":"product_cat-ebooks","7":"product_cat-livros-aberje","8":"product_cat-todos","9":"product_tag-claudio-cardoso","10":"product_shipping_class-frete-economico","12":"first","13":"instock","14":"shipping-taxable","15":"purchasable","16":"product-type-simple"},"acf":[],"_links":{"self":[{"href":"https:\/\/www.aberje.com.br\/editora\/wp-json\/wp\/v2\/product\/71269","targetHints":{"allow":["GET"]}}],"collection":[{"href":"https:\/\/www.aberje.com.br\/editora\/wp-json\/wp\/v2\/product"}],"about":[{"href":"https:\/\/www.aberje.com.br\/editora\/wp-json\/wp\/v2\/types\/product"}],"wp:featuredmedia":[{"embeddable":true,"href":"https:\/\/www.aberje.com.br\/editora\/wp-json\/wp\/v2\/media\/71270"}],"wp:attachment":[{"href":"https:\/\/www.aberje.com.br\/editora\/wp-json\/wp\/v2\/media?parent=71269"}],"wp:term":[{"taxonomy":"product_brand","embeddable":true,"href":"https:\/\/www.aberje.com.br\/editora\/wp-json\/wp\/v2\/product_brand?post=71269"},{"taxonomy":"product_cat","embeddable":true,"href":"https:\/\/www.aberje.com.br\/editora\/wp-json\/wp\/v2\/product_cat?post=71269"},{"taxonomy":"product_tag","embeddable":true,"href":"https:\/\/www.aberje.com.br\/editora\/wp-json\/wp\/v2\/product_tag?post=71269"}],"curies":[{"name":"wp","href":"https:\/\/api.w.org\/{rel}","templated":true}]}}