{"id":42603,"date":"2020-09-04T11:59:06","date_gmt":"2020-09-04T14:59:06","guid":{"rendered":"https:\/\/aberje.com.br\/editora\/?post_type=product&#038;p=42603"},"modified":"2023-09-13T09:02:49","modified_gmt":"2023-09-13T12:02:49","slug":"comunicacao-empresarial-estrategia-de-organizacoes-vencedoras-v-2","status":"publish","type":"product","link":"https:\/\/www.aberje.com.br\/editora\/livro\/comunicacao-empresarial-estrategia-de-organizacoes-vencedoras-v-2\/","title":{"rendered":"Comunica\u00e7\u00e3o Empresarial \u2013 Estrat\u00e9gia de Organiza\u00e7\u00f5es Vencedoras V.2"},"content":{"rendered":"<div class=\"text-livro text-curador blue surveyor\">\n<p>O livro \u201cComunica\u00e7\u00e3o empresarial: estrat\u00e9gia e organiza\u00e7\u00f5es vencedoras\u201d \u00e9 o segundo volume da Cole\u00e7\u00e3o Intelig\u00eancia, assim como a primeira obra, o livro traz a palavra e a vis\u00e3o de 16 diretores de comunica\u00e7\u00e3o de importantes empresas brasileiras, de diferentes setores da economia, sobre como a comunica\u00e7\u00e3o contribui para a gest\u00e3o organizacional, considerando-a elemento estrat\u00e9gico no composto de sucesso de uma empresa. A Cole\u00e7\u00e3o Intelig\u00eancia \u00e9 inspirada na voca\u00e7\u00e3o da ABERJE de ser um centro de excel\u00eancia na produ\u00e7\u00e3o de conhecimento e pr\u00e1ticas de gest\u00e3o estrat\u00e9gica em comunica\u00e7\u00e3o. Em cada cap\u00edtulo, os profissionais relatam suas experi\u00eancias e d\u00e3o sua contribui\u00e7\u00e3o \u00e0 gest\u00e3o organizacional. A publica\u00e7\u00e3o \u00e9 da ABERJE Editorial que tem a preocupa\u00e7\u00e3o de disponibilizar conhecimento de boas pr\u00e1ticas, contribuir com os profissionais, as universidades, estudantes e pesquisadores de Comunica\u00e7\u00e3o.<\/p>\n<\/div>\n<p><strong>T\u00edtulo: <\/strong>Comunica\u00e7\u00e3o Empresarial \u2013 Estrat\u00e9gia de Organiza\u00e7\u00f5es Vencedoras V.2<\/p>\n<p><span class=\"autor-livro text-curador blue surveyor\"><b>Autor:\u00a0<\/b>Paulo Nassar<\/span><\/p>\n<p><strong>Ano:\u00a0<\/strong>2005<\/p>\n","protected":false},"excerpt":{"rendered":"<p>O livro \u201cComunica\u00e7\u00e3o empresarial: estrat\u00e9gia e organiza\u00e7\u00f5es vencedoras\u201d \u00e9 o segundo volume da Cole\u00e7\u00e3o Intelig\u00eancia, assim como a primeira obra, o livro traz a palavra e a vis\u00e3o de 16 diretores de comunica\u00e7\u00e3o de importantes empresas brasileiras, de diferentes setores da economia, sobre como a comunica\u00e7\u00e3o contribui para a gest\u00e3o organizacional, considerando-a elemento estrat\u00e9gico no &hellip; <a href=\"https:\/\/www.aberje.com.br\/editora\/livro\/comunicacao-empresarial-estrategia-de-organizacoes-vencedoras-v-2\/\" class=\"more-link\">Continuar lendo <span class=\"screen-reader-text\">Comunica\u00e7\u00e3o Empresarial \u2013 Estrat\u00e9gia de Organiza\u00e7\u00f5es Vencedoras V.2<\/span><\/a><\/p>\n","protected":false},"featured_media":42604,"template":"","meta":{"_acf_changed":false},"product_brand":[],"product_cat":[54,80],"product_tag":[],"class_list":{"0":"post-42603","1":"product","2":"type-product","3":"status-publish","4":"has-post-thumbnail","6":"product_cat-livros-aberje","7":"product_cat-todos","8":"product_shipping_class-frete-economico","10":"first","11":"outofstock","12":"shipping-taxable","13":"purchasable","14":"product-type-simple"},"acf":[],"_links":{"self":[{"href":"https:\/\/www.aberje.com.br\/editora\/wp-json\/wp\/v2\/product\/42603","targetHints":{"allow":["GET"]}}],"collection":[{"href":"https:\/\/www.aberje.com.br\/editora\/wp-json\/wp\/v2\/product"}],"about":[{"href":"https:\/\/www.aberje.com.br\/editora\/wp-json\/wp\/v2\/types\/product"}],"wp:featuredmedia":[{"embeddable":true,"href":"https:\/\/www.aberje.com.br\/editora\/wp-json\/wp\/v2\/media\/42604"}],"wp:attachment":[{"href":"https:\/\/www.aberje.com.br\/editora\/wp-json\/wp\/v2\/media?parent=42603"}],"wp:term":[{"taxonomy":"product_brand","embeddable":true,"href":"https:\/\/www.aberje.com.br\/editora\/wp-json\/wp\/v2\/product_brand?post=42603"},{"taxonomy":"product_cat","embeddable":true,"href":"https:\/\/www.aberje.com.br\/editora\/wp-json\/wp\/v2\/product_cat?post=42603"},{"taxonomy":"product_tag","embeddable":true,"href":"https:\/\/www.aberje.com.br\/editora\/wp-json\/wp\/v2\/product_tag?post=42603"}],"curies":[{"name":"wp","href":"https:\/\/api.w.org\/{rel}","templated":true}]}}