{"id":42594,"date":"2020-09-04T11:39:16","date_gmt":"2020-09-04T14:39:16","guid":{"rendered":"https:\/\/aberje.com.br\/editora\/?post_type=product&#038;p=42594"},"modified":"2023-09-13T09:02:50","modified_gmt":"2023-09-13T12:02:50","slug":"o-que-e-comunicacao-empresarial","status":"publish","type":"product","link":"https:\/\/www.aberje.com.br\/editora\/livro\/o-que-e-comunicacao-empresarial\/","title":{"rendered":"O que \u00e9 Comunica\u00e7\u00e3o Empresarial?"},"content":{"rendered":"<h4 style=\"margin-left: 15.0pt; background: white;\"><span style=\"color: #0c294a; font-weight: normal;\"> As empresas brasileiras est\u00e3o sendo submetidas a desafios in\u00e9ditos que colocam em xeque seus processos de trabalho e suas estruturas. Este livro mostra como o di\u00e1logo correto e permanente com os diferentes p\u00fablicos (consumidor, comunidade, trabalhadores, sindicatos, governo, etc.) tornou-se, para empresas, t\u00e3o importante quanto um novo produto, uma nova f\u00e1brica ou a conquista de novos mercados.<\/span><\/h4>\n<p>&nbsp;<\/p>\n<p><strong>T\u00edtulo: <\/strong>O que \u00e9 Comunica\u00e7\u00e3o Empresarial?<\/p>\n<p><span class=\"autor-livro text-curador blue surveyor\"><b>Autor:\u00a0<\/b>Paulo Nassar e Rubens Figueiredo<\/span><\/p>\n<p><strong>Editora:\u00a0<\/strong>Brasiliense<\/p>\n<p><strong>Ano: <\/strong>1995<\/p>\n<p>&nbsp;<\/p>\n","protected":false},"excerpt":{"rendered":"<p>As empresas brasileiras est\u00e3o sendo submetidas a desafios in\u00e9ditos que colocam em xeque seus processos de trabalho e suas estruturas. Este livro mostra como o di\u00e1logo correto e permanente com os diferentes p\u00fablicos (consumidor, comunidade, trabalhadores, sindicatos, governo, etc.) tornou-se, para empresas, t\u00e3o importante quanto um novo produto, uma nova f\u00e1brica ou a conquista de &hellip; <a href=\"https:\/\/www.aberje.com.br\/editora\/livro\/o-que-e-comunicacao-empresarial\/\" class=\"more-link\">Continuar lendo <span class=\"screen-reader-text\">O que \u00e9 Comunica\u00e7\u00e3o Empresarial?<\/span><\/a><\/p>\n","protected":false},"featured_media":42595,"template":"","meta":{"_acf_changed":false},"product_brand":[],"product_cat":[54,80],"product_tag":[],"class_list":{"0":"post-42594","1":"product","2":"type-product","3":"status-publish","4":"has-post-thumbnail","6":"product_cat-livros-aberje","7":"product_cat-todos","8":"product_shipping_class-frete-economico","10":"first","11":"outofstock","12":"shipping-taxable","13":"purchasable","14":"product-type-simple"},"acf":[],"_links":{"self":[{"href":"https:\/\/www.aberje.com.br\/editora\/wp-json\/wp\/v2\/product\/42594","targetHints":{"allow":["GET"]}}],"collection":[{"href":"https:\/\/www.aberje.com.br\/editora\/wp-json\/wp\/v2\/product"}],"about":[{"href":"https:\/\/www.aberje.com.br\/editora\/wp-json\/wp\/v2\/types\/product"}],"wp:featuredmedia":[{"embeddable":true,"href":"https:\/\/www.aberje.com.br\/editora\/wp-json\/wp\/v2\/media\/42595"}],"wp:attachment":[{"href":"https:\/\/www.aberje.com.br\/editora\/wp-json\/wp\/v2\/media?parent=42594"}],"wp:term":[{"taxonomy":"product_brand","embeddable":true,"href":"https:\/\/www.aberje.com.br\/editora\/wp-json\/wp\/v2\/product_brand?post=42594"},{"taxonomy":"product_cat","embeddable":true,"href":"https:\/\/www.aberje.com.br\/editora\/wp-json\/wp\/v2\/product_cat?post=42594"},{"taxonomy":"product_tag","embeddable":true,"href":"https:\/\/www.aberje.com.br\/editora\/wp-json\/wp\/v2\/product_tag?post=42594"}],"curies":[{"name":"wp","href":"https:\/\/api.w.org\/{rel}","templated":true}]}}