{"id":42584,"date":"2020-09-04T11:02:06","date_gmt":"2020-09-04T14:02:06","guid":{"rendered":"https:\/\/aberje.com.br\/editora\/?post_type=product&#038;p=42584"},"modified":"2023-09-13T09:02:54","modified_gmt":"2023-09-13T12:02:54","slug":"cadernos-de-comunicacao-estrategica-v-3","status":"publish","type":"product","link":"https:\/\/www.aberje.com.br\/editora\/livro\/cadernos-de-comunicacao-estrategica-v-3\/","title":{"rendered":"Cadernos de Comunica\u00e7\u00e3o Estrat\u00e9gica V.3"},"content":{"rendered":"<p>O terceiro volume dos Cadernos de Comunica\u00e7\u00e3o Estrat\u00e9gica traz um rico debate sobre as novas dimens\u00f5es das Rela\u00e7\u00f5es Governamentais e o quanto a \u00e1rea vem evoluindo e adquirindo aspectos mais positivos perante a sociedade. O tema \u00e9 bastante recorrente na Aberje, cuja produ\u00e7\u00e3o editorial abarca livros e revistas qualificados e que, nesta edi\u00e7\u00e3o, conta com a participa\u00e7\u00e3o de profissionais renomados como Gilberto Galan, H\u00e9lio Duarte, Wanderley Mariz e Vladson Menezes, mediados por Nem\u00e9rcio Nogueira, e que aborda a relev\u00e2ncia e as tend\u00eancias do setor.<br \/>\nO debate ressalta o quanto a evolu\u00e7\u00e3o das Rela\u00e7\u00f5es Governamentais se deu por conta das novas tecnologias e processos de comunica\u00e7\u00e3o que alteraram narrativas como o lobby e, assim, possibilitaram mudan\u00e7as significativas, tanto no mundo corporativo privado quanto no estatal, tendo como base a transpar\u00eancia e o profissionalismo. Com isso a Aberje busca aprimorar cada vez mais para o desenvolvimento da \u00e1rea e dos profissionais que nela atuam.<\/p>\n<p>&nbsp;<\/p>\n<p><strong>T\u00edtulo: <\/strong>Cadernos de Comunica\u00e7\u00e3o Estrat\u00e9gica V.3<\/p>\n<p><strong>Ano: <\/strong>2014<\/p>\n","protected":false},"excerpt":{"rendered":"<p>O terceiro volume dos Cadernos de Comunica\u00e7\u00e3o Estrat\u00e9gica traz um rico debate sobre as novas dimens\u00f5es das Rela\u00e7\u00f5es Governamentais e o quanto a \u00e1rea vem evoluindo e adquirindo aspectos mais positivos perante a sociedade. O tema \u00e9 bastante recorrente na Aberje, cuja produ\u00e7\u00e3o editorial abarca livros e revistas qualificados e que, nesta edi\u00e7\u00e3o, conta com &hellip; <a href=\"https:\/\/www.aberje.com.br\/editora\/livro\/cadernos-de-comunicacao-estrategica-v-3\/\" class=\"more-link\">Continuar lendo <span class=\"screen-reader-text\">Cadernos de Comunica\u00e7\u00e3o Estrat\u00e9gica V.3<\/span><\/a><\/p>\n","protected":false},"featured_media":42585,"template":"","meta":{"_acf_changed":false},"product_brand":[],"product_cat":[54,80],"product_tag":[],"class_list":{"0":"post-42584","1":"product","2":"type-product","3":"status-publish","4":"has-post-thumbnail","6":"product_cat-livros-aberje","7":"product_cat-todos","8":"product_shipping_class-frete-economico","10":"first","11":"outofstock","12":"shipping-taxable","13":"purchasable","14":"product-type-simple"},"acf":[],"_links":{"self":[{"href":"https:\/\/www.aberje.com.br\/editora\/wp-json\/wp\/v2\/product\/42584","targetHints":{"allow":["GET"]}}],"collection":[{"href":"https:\/\/www.aberje.com.br\/editora\/wp-json\/wp\/v2\/product"}],"about":[{"href":"https:\/\/www.aberje.com.br\/editora\/wp-json\/wp\/v2\/types\/product"}],"wp:featuredmedia":[{"embeddable":true,"href":"https:\/\/www.aberje.com.br\/editora\/wp-json\/wp\/v2\/media\/42585"}],"wp:attachment":[{"href":"https:\/\/www.aberje.com.br\/editora\/wp-json\/wp\/v2\/media?parent=42584"}],"wp:term":[{"taxonomy":"product_brand","embeddable":true,"href":"https:\/\/www.aberje.com.br\/editora\/wp-json\/wp\/v2\/product_brand?post=42584"},{"taxonomy":"product_cat","embeddable":true,"href":"https:\/\/www.aberje.com.br\/editora\/wp-json\/wp\/v2\/product_cat?post=42584"},{"taxonomy":"product_tag","embeddable":true,"href":"https:\/\/www.aberje.com.br\/editora\/wp-json\/wp\/v2\/product_tag?post=42584"}],"curies":[{"name":"wp","href":"https:\/\/api.w.org\/{rel}","templated":true}]}}