{"id":42569,"date":"2020-09-04T10:28:31","date_gmt":"2020-09-04T13:28:31","guid":{"rendered":"https:\/\/aberje.com.br\/editora\/?post_type=product&#038;p=42569"},"modified":"2023-09-13T09:03:02","modified_gmt":"2023-09-13T12:03:02","slug":"premio-aberje-2017-reconhecimento-que-gera-valor","status":"publish","type":"product","link":"https:\/\/www.aberje.com.br\/editora\/livro\/premio-aberje-2017-reconhecimento-que-gera-valor\/","title":{"rendered":"Reconhecimento que Gera Valor: Pr\u00eamio Aberje 2017"},"content":{"rendered":"<p>O livro \u201cReconhecimento que gera valor: Pr\u00eamio Aberje 2017\u201d \u00e9 o sexto da cole\u00e7\u00e3o, que consolida o trabalho de reconhecer os profissionais e as organiza\u00e7\u00f5es no campo da comunica\u00e7\u00e3o empresarial brasileira, a partir das pr\u00e1ticas de excel\u00eancia. A obra \u00e9 uma colet\u00e2nea das hist\u00f3rias dos 58 cases vencedores nacionais e regionais do Pr\u00eamio Aberje 2017. A premia\u00e7\u00e3o tem como objetivo refor\u00e7ar a import\u00e2ncia da comunica\u00e7\u00e3o para potencializar os neg\u00f3cios e intensificar a for\u00e7a institucional das organiza\u00e7\u00f5es, seus valores, seus prop\u00f3sitos e suas marcas.<\/p>\n<p>&nbsp;<\/p>\n<p><strong>T\u00edtulo: <\/strong>Pr\u00eamio Aberje 2017: Reconhecimento que Gera Valor<\/p>\n<p><b>Ano: <\/b>2018<\/p>\n","protected":false},"excerpt":{"rendered":"<p>O livro \u201cReconhecimento que gera valor: Pr\u00eamio Aberje 2017\u201d \u00e9 o sexto da cole\u00e7\u00e3o, que consolida o trabalho de reconhecer os profissionais e as organiza\u00e7\u00f5es no campo da comunica\u00e7\u00e3o empresarial brasileira, a partir das pr\u00e1ticas de excel\u00eancia. A obra \u00e9 uma colet\u00e2nea das hist\u00f3rias dos 58 cases vencedores nacionais e regionais do Pr\u00eamio Aberje 2017. &hellip; <a href=\"https:\/\/www.aberje.com.br\/editora\/livro\/premio-aberje-2017-reconhecimento-que-gera-valor\/\" class=\"more-link\">Continuar lendo <span class=\"screen-reader-text\">Reconhecimento que Gera Valor: Pr\u00eamio Aberje 2017<\/span><\/a><\/p>\n","protected":false},"featured_media":42570,"template":"","meta":{"_acf_changed":false},"product_brand":[],"product_cat":[60,54,80],"product_tag":[],"class_list":{"0":"post-42569","1":"product","2":"type-product","3":"status-publish","4":"has-post-thumbnail","6":"product_cat-colecao-premio-aberje","7":"product_cat-livros-aberje","8":"product_cat-todos","9":"product_shipping_class-frete-economico","11":"first","12":"outofstock","13":"shipping-taxable","14":"purchasable","15":"product-type-simple"},"acf":[],"_links":{"self":[{"href":"https:\/\/www.aberje.com.br\/editora\/wp-json\/wp\/v2\/product\/42569","targetHints":{"allow":["GET"]}}],"collection":[{"href":"https:\/\/www.aberje.com.br\/editora\/wp-json\/wp\/v2\/product"}],"about":[{"href":"https:\/\/www.aberje.com.br\/editora\/wp-json\/wp\/v2\/types\/product"}],"wp:featuredmedia":[{"embeddable":true,"href":"https:\/\/www.aberje.com.br\/editora\/wp-json\/wp\/v2\/media\/42570"}],"wp:attachment":[{"href":"https:\/\/www.aberje.com.br\/editora\/wp-json\/wp\/v2\/media?parent=42569"}],"wp:term":[{"taxonomy":"product_brand","embeddable":true,"href":"https:\/\/www.aberje.com.br\/editora\/wp-json\/wp\/v2\/product_brand?post=42569"},{"taxonomy":"product_cat","embeddable":true,"href":"https:\/\/www.aberje.com.br\/editora\/wp-json\/wp\/v2\/product_cat?post=42569"},{"taxonomy":"product_tag","embeddable":true,"href":"https:\/\/www.aberje.com.br\/editora\/wp-json\/wp\/v2\/product_tag?post=42569"}],"curies":[{"name":"wp","href":"https:\/\/api.w.org\/{rel}","templated":true}]}}