{"id":41711,"date":"2020-08-17T16:50:34","date_gmt":"2020-08-17T19:50:34","guid":{"rendered":"https:\/\/aberje.com.br\/editora\/?post_type=product&#038;p=41711"},"modified":"2026-01-20T16:21:11","modified_gmt":"2026-01-20T19:21:11","slug":"lobby-o-que-e-como-se-faz","status":"publish","type":"product","link":"https:\/\/www.aberje.com.br\/editora\/livro\/lobby-o-que-e-como-se-faz\/","title":{"rendered":"Lobby: O que \u00e9. Como se faz"},"content":{"rendered":"<p>Este livro \u00e9 uma obra uma refer\u00eancia indispens\u00e1vel para o profissional que queira se aprofundar sobre este instigante tema, escrito por quem acompanha com acuidade e brilho os rumos da na\u00e7\u00e3o e a atua\u00e7\u00e3o dos grupos de interesses junto aos governos. Nesta publica\u00e7\u00e3o, obra de uma vida, Said Farhat nos apresenta o lobby como ele \u00e9 &#8211; uma ferramenta leg\u00edtima da democracia, uma atividade organizada, exercida dentro da lei e da \u00e9tica, por grupos de interesses definidos e leg\u00edtimos, com o objetivo de serem ouvidos pelo poder p\u00fablico, para inform\u00e1-lo e dele tentar obter determinadas medidas, decis\u00f5es e atitudes.<\/p>\n<p><strong>T\u00edtulo:<\/strong> Lobby: O que \u00e9. Como se faz \u2013 \u00c9tica e transpar\u00eancia na representa\u00e7\u00e3o junto a governos<\/p>\n<p><strong>Autor:<\/strong> Sa\u00efd Farhat<\/p>\n<p><strong>Ano: <\/strong>2007<\/p>\n","protected":false},"excerpt":{"rendered":"<p>Este livro \u00e9 uma obra uma refer\u00eancia indispens\u00e1vel para o profissional que queira se aprofundar sobre este instigante tema, escrito por quem acompanha com acuidade e brilho os rumos da na\u00e7\u00e3o e a atua\u00e7\u00e3o dos grupos de interesses junto aos governos. Nesta publica\u00e7\u00e3o, obra de uma vida, Said Farhat nos apresenta o lobby como ele &hellip; <a href=\"https:\/\/www.aberje.com.br\/editora\/livro\/lobby-o-que-e-como-se-faz\/\" class=\"more-link\">Continuar lendo <span class=\"screen-reader-text\">Lobby: O que \u00e9. Como se faz<\/span><\/a><\/p>\n","protected":false},"featured_media":41712,"template":"","meta":{"_acf_changed":false},"product_brand":[],"product_cat":[54,61,80],"product_tag":[75],"class_list":{"0":"post-41711","1":"product","2":"type-product","3":"status-publish","4":"has-post-thumbnail","6":"product_cat-livros-aberje","7":"product_cat-lobby","8":"product_cat-todos","9":"product_tag-said-farhat","10":"product_shipping_class-frete-economico","12":"first","13":"instock","14":"shipping-taxable","15":"purchasable","16":"product-type-simple"},"acf":[],"_links":{"self":[{"href":"https:\/\/www.aberje.com.br\/editora\/wp-json\/wp\/v2\/product\/41711","targetHints":{"allow":["GET"]}}],"collection":[{"href":"https:\/\/www.aberje.com.br\/editora\/wp-json\/wp\/v2\/product"}],"about":[{"href":"https:\/\/www.aberje.com.br\/editora\/wp-json\/wp\/v2\/types\/product"}],"wp:featuredmedia":[{"embeddable":true,"href":"https:\/\/www.aberje.com.br\/editora\/wp-json\/wp\/v2\/media\/41712"}],"wp:attachment":[{"href":"https:\/\/www.aberje.com.br\/editora\/wp-json\/wp\/v2\/media?parent=41711"}],"wp:term":[{"taxonomy":"product_brand","embeddable":true,"href":"https:\/\/www.aberje.com.br\/editora\/wp-json\/wp\/v2\/product_brand?post=41711"},{"taxonomy":"product_cat","embeddable":true,"href":"https:\/\/www.aberje.com.br\/editora\/wp-json\/wp\/v2\/product_cat?post=41711"},{"taxonomy":"product_tag","embeddable":true,"href":"https:\/\/www.aberje.com.br\/editora\/wp-json\/wp\/v2\/product_tag?post=41711"}],"curies":[{"name":"wp","href":"https:\/\/api.w.org\/{rel}","templated":true}]}}