{"id":41703,"date":"2020-08-17T16:43:09","date_gmt":"2020-08-17T19:43:09","guid":{"rendered":"https:\/\/aberje.com.br\/editora\/?post_type=product&#038;p=41703"},"modified":"2025-04-09T21:43:07","modified_gmt":"2025-04-10T00:43:07","slug":"comunicacao-empresarial-estrategica-praticas-em-minas-gerais","status":"publish","type":"product","link":"https:\/\/www.aberje.com.br\/editora\/livro\/comunicacao-empresarial-estrategica-praticas-em-minas-gerais\/","title":{"rendered":"Comunica\u00e7\u00e3o Empresarial Estrat\u00e9gica: Pr\u00e1ticas em Minas Gerais"},"content":{"rendered":"<p>Conhe\u00e7a neste livro as melhores pr\u00e1ticas da comunica\u00e7\u00e3o organizacional moderna, por meio do relato dos autores dessas iniciativas. Ao longo de 17 artigos escritos pelos mais importantes comunicadores que atuam em Minas Gerais, o leitor poder\u00e1 conhecer experi\u00eancias e boas pr\u00e1ticas de comunica\u00e7\u00e3o em organiza\u00e7\u00f5es p\u00fablicas e privadas, com suas estrat\u00e9gias, desenvolvimento de marcas de sucesso, incentivo a talentos e busca de inova\u00e7\u00e3o.<\/p>\n<p>&nbsp;<\/p>\n<p><strong>T\u00edtulo: <\/strong>Comunica\u00e7\u00e3o Empresarial Estrat\u00e9gica: Pr\u00e1ticas em Minas Gerais<\/p>\n<p><strong>Autor:<\/strong> Paulo Nassar<\/p>\n<p><strong>Ano: <\/strong>2009<\/p>\n","protected":false},"excerpt":{"rendered":"<p>Conhe\u00e7a neste livro as melhores pr\u00e1ticas da comunica\u00e7\u00e3o organizacional moderna, por meio do relato dos autores dessas iniciativas. Ao longo de 17 artigos escritos pelos mais importantes comunicadores que atuam em Minas Gerais, o leitor poder\u00e1 conhecer experi\u00eancias e boas pr\u00e1ticas de comunica\u00e7\u00e3o em organiza\u00e7\u00f5es p\u00fablicas e privadas, com suas estrat\u00e9gias, desenvolvimento de marcas de &hellip; <a href=\"https:\/\/www.aberje.com.br\/editora\/livro\/comunicacao-empresarial-estrategica-praticas-em-minas-gerais\/\" class=\"more-link\">Continuar lendo <span class=\"screen-reader-text\">Comunica\u00e7\u00e3o Empresarial Estrat\u00e9gica: Pr\u00e1ticas em Minas Gerais<\/span><\/a><\/p>\n","protected":false},"featured_media":41704,"template":"","meta":{"_acf_changed":false},"product_brand":[],"product_cat":[54,80],"product_tag":[],"class_list":{"0":"post-41703","1":"product","2":"type-product","3":"status-publish","4":"has-post-thumbnail","6":"product_cat-livros-aberje","7":"product_cat-todos","8":"product_shipping_class-frete-economico","10":"first","11":"instock","12":"shipping-taxable","13":"purchasable","14":"product-type-simple"},"acf":[],"_links":{"self":[{"href":"https:\/\/www.aberje.com.br\/editora\/wp-json\/wp\/v2\/product\/41703","targetHints":{"allow":["GET"]}}],"collection":[{"href":"https:\/\/www.aberje.com.br\/editora\/wp-json\/wp\/v2\/product"}],"about":[{"href":"https:\/\/www.aberje.com.br\/editora\/wp-json\/wp\/v2\/types\/product"}],"wp:featuredmedia":[{"embeddable":true,"href":"https:\/\/www.aberje.com.br\/editora\/wp-json\/wp\/v2\/media\/41704"}],"wp:attachment":[{"href":"https:\/\/www.aberje.com.br\/editora\/wp-json\/wp\/v2\/media?parent=41703"}],"wp:term":[{"taxonomy":"product_brand","embeddable":true,"href":"https:\/\/www.aberje.com.br\/editora\/wp-json\/wp\/v2\/product_brand?post=41703"},{"taxonomy":"product_cat","embeddable":true,"href":"https:\/\/www.aberje.com.br\/editora\/wp-json\/wp\/v2\/product_cat?post=41703"},{"taxonomy":"product_tag","embeddable":true,"href":"https:\/\/www.aberje.com.br\/editora\/wp-json\/wp\/v2\/product_tag?post=41703"}],"curies":[{"name":"wp","href":"https:\/\/api.w.org\/{rel}","templated":true}]}}