{"id":41694,"date":"2020-08-17T16:18:43","date_gmt":"2020-08-17T19:18:43","guid":{"rendered":"https:\/\/aberje.com.br\/editora\/?post_type=product&#038;p=41694"},"modified":"2026-03-18T12:56:57","modified_gmt":"2026-03-18T15:56:57","slug":"sem-megafone-com-smartphone-praticas-desafios-e-dilemas-da-comunicacao-com-os-empregados","status":"publish","type":"product","link":"https:\/\/www.aberje.com.br\/editora\/livro\/sem-megafone-com-smartphone-praticas-desafios-e-dilemas-da-comunicacao-com-os-empregados\/","title":{"rendered":"Sem Megafone, Com Smartphone"},"content":{"rendered":"<p>Unindo reflex\u00f5es te\u00f3ricas de comunica\u00e7\u00e3o com empregados (ou comunica\u00e7\u00e3o interna) e depoimentos de comunicadores dos cinco continentes, somado ainda \u00e0 pr\u00e1tica dos autores de anos de trabalho em organiza\u00e7\u00f5es, o livro \u00e9 um tratado essencial para a boa lideran\u00e7a. No ambiente complexo que se tornou o campo das comunica\u00e7\u00f5es, da tecnologia e das rela\u00e7\u00f5es de trabalho, a obra analisa as transforma\u00e7\u00f5es da sociedade e as relaciona com as estrat\u00e9gias comunicativas das organiza\u00e7\u00f5es.<\/p>\n<p>Com trajet\u00f3rias profissionais exemplares no campo da Comunica\u00e7\u00e3o Corporativa, os autores trazem nas p\u00e1ginas do livro os principais dilemas e possibilidades que t\u00eam marcado a comunica\u00e7\u00e3o das organiza\u00e7\u00f5es com os empregados.<\/p>\n<p><strong>T\u00edtulo:<\/strong> Sem Megafone, Com Smartphone: pr\u00e1ticas, desafios e dilemas da comunica\u00e7\u00e3o com os empregados<\/p>\n<p><strong>Autores:<\/strong> Paulo Henrique Soares e Roz\u00e1lia Del G\u00e1udio<\/p>\n<p><strong>Ano: <\/strong>2017<\/p>\n","protected":false},"excerpt":{"rendered":"<p>Unindo reflex\u00f5es te\u00f3ricas de comunica\u00e7\u00e3o com empregados (ou comunica\u00e7\u00e3o interna) e depoimentos de comunicadores dos cinco continentes, somado ainda \u00e0 pr\u00e1tica dos autores de anos de trabalho em organiza\u00e7\u00f5es, o livro \u00e9 um tratado essencial para a boa lideran\u00e7a. No ambiente complexo que se tornou o campo das comunica\u00e7\u00f5es, da tecnologia e das rela\u00e7\u00f5es de &hellip; <a href=\"https:\/\/www.aberje.com.br\/editora\/livro\/sem-megafone-com-smartphone-praticas-desafios-e-dilemas-da-comunicacao-com-os-empregados\/\" class=\"more-link\">Continuar lendo <span class=\"screen-reader-text\">Sem Megafone, Com Smartphone<\/span><\/a><\/p>\n","protected":false},"featured_media":130284,"template":"","meta":{"_acf_changed":false},"product_brand":[],"product_cat":[59,57,54,80],"product_tag":[77,78],"class_list":{"0":"post-41694","1":"product","2":"type-product","3":"status-publish","4":"has-post-thumbnail","6":"product_cat-comunicacao-interna","7":"product_cat-ebooks","8":"product_cat-livros-aberje","9":"product_cat-todos","10":"product_tag-paulo-henrique-leal-soares","11":"product_tag-rozalia-del-gaudio","12":"product_shipping_class-frete-economico","14":"first","15":"instock","16":"shipping-taxable","17":"purchasable","18":"product-type-simple"},"acf":[],"_links":{"self":[{"href":"https:\/\/www.aberje.com.br\/editora\/wp-json\/wp\/v2\/product\/41694","targetHints":{"allow":["GET"]}}],"collection":[{"href":"https:\/\/www.aberje.com.br\/editora\/wp-json\/wp\/v2\/product"}],"about":[{"href":"https:\/\/www.aberje.com.br\/editora\/wp-json\/wp\/v2\/types\/product"}],"wp:featuredmedia":[{"embeddable":true,"href":"https:\/\/www.aberje.com.br\/editora\/wp-json\/wp\/v2\/media\/130284"}],"wp:attachment":[{"href":"https:\/\/www.aberje.com.br\/editora\/wp-json\/wp\/v2\/media?parent=41694"}],"wp:term":[{"taxonomy":"product_brand","embeddable":true,"href":"https:\/\/www.aberje.com.br\/editora\/wp-json\/wp\/v2\/product_brand?post=41694"},{"taxonomy":"product_cat","embeddable":true,"href":"https:\/\/www.aberje.com.br\/editora\/wp-json\/wp\/v2\/product_cat?post=41694"},{"taxonomy":"product_tag","embeddable":true,"href":"https:\/\/www.aberje.com.br\/editora\/wp-json\/wp\/v2\/product_tag?post=41694"}],"curies":[{"name":"wp","href":"https:\/\/api.w.org\/{rel}","templated":true}]}}