{"id":130619,"date":"2024-11-13T13:22:51","date_gmt":"2024-11-13T16:22:51","guid":{"rendered":"https:\/\/www.aberje.com.br\/editora\/?post_type=product&#038;p=130619"},"modified":"2024-11-25T09:39:27","modified_gmt":"2024-11-25T12:39:27","slug":"brand-publishing-e-transicao-midiatica","status":"publish","type":"product","link":"https:\/\/www.aberje.com.br\/editora\/livro\/brand-publishing-e-transicao-midiatica\/","title":{"rendered":"Brand Publishing e Transi\u00e7\u00e3o Midi\u00e1tica"},"content":{"rendered":"<p>Este \u00e9 um livro para profissionais de gest\u00e3o e neg\u00f3cios, muito al\u00e9m dos que atuam nos departamentos de comunica\u00e7\u00e3o e marketing das empresas. Afinal, a transi\u00e7\u00e3o midi\u00e1tica impacta diretamente todas as organiza\u00e7\u00f5es, de todos os setores da sociedade. Uma sociedade que, finalmente, ganhou contornos definitivos de &#8220;Sociedade da Informa\u00e7\u00e3o&#8221;. Onde a comunica\u00e7\u00e3o editorial, em particular a disciplina de &#8220;brand publishing&#8221;, ser\u00e1 central nos processos da comunica\u00e7\u00e3o contempor\u00e2nea. O livro &#8220;Brand Publishing e Transi\u00e7\u00e3o Midi\u00e1tica&#8221; \u00e9 destinado, portanto, para profissionais que precisam entender &#8211; com profundidade e clareza &#8211; os fundamentos da comunica\u00e7\u00e3o editorial das marcas. Ou seja, um livro voltado para todas as lideran\u00e7as de organiza\u00e7\u00f5es competitivas e relevantes no s\u00e9culo XXI.<\/p>\n<p><strong>T\u00edtulo:\u00a0<\/strong>Brand Publishing e Transi\u00e7\u00e3o Midi\u00e1tica<strong><br \/>\nAutor:\u00a0<\/strong>Paulo Henrique Ferreira<strong><br \/>\nP\u00e1ginas:\u00a0<\/strong>291<strong><br \/>\nEditora:\u00a0<\/strong>Robecca &amp; CO<\/p>\n","protected":false},"excerpt":{"rendered":"<p>Este \u00e9 um livro para profissionais de gest\u00e3o e neg\u00f3cios, muito al\u00e9m dos que atuam nos departamentos de comunica\u00e7\u00e3o e marketing das empresas. Afinal, a transi\u00e7\u00e3o midi\u00e1tica impacta diretamente todas as organiza\u00e7\u00f5es, de todos os setores da sociedade. Uma sociedade que, finalmente, ganhou contornos definitivos de &#8220;Sociedade da Informa\u00e7\u00e3o&#8221;. Onde a comunica\u00e7\u00e3o editorial, em particular &hellip; <a href=\"https:\/\/www.aberje.com.br\/editora\/livro\/brand-publishing-e-transicao-midiatica\/\" class=\"more-link\">Continuar lendo <span class=\"screen-reader-text\">Brand Publishing e Transi\u00e7\u00e3o Midi\u00e1tica<\/span><\/a><\/p>\n","protected":false},"featured_media":130620,"template":"","meta":{"_acf_changed":false},"product_brand":[],"product_cat":[54,80],"product_tag":[],"class_list":{"0":"post-130619","1":"product","2":"type-product","3":"status-publish","4":"has-post-thumbnail","6":"product_cat-livros-aberje","7":"product_cat-todos","9":"first","10":"instock","11":"shipping-taxable","12":"product-type-external"},"acf":[],"_links":{"self":[{"href":"https:\/\/www.aberje.com.br\/editora\/wp-json\/wp\/v2\/product\/130619","targetHints":{"allow":["GET"]}}],"collection":[{"href":"https:\/\/www.aberje.com.br\/editora\/wp-json\/wp\/v2\/product"}],"about":[{"href":"https:\/\/www.aberje.com.br\/editora\/wp-json\/wp\/v2\/types\/product"}],"wp:featuredmedia":[{"embeddable":true,"href":"https:\/\/www.aberje.com.br\/editora\/wp-json\/wp\/v2\/media\/130620"}],"wp:attachment":[{"href":"https:\/\/www.aberje.com.br\/editora\/wp-json\/wp\/v2\/media?parent=130619"}],"wp:term":[{"taxonomy":"product_brand","embeddable":true,"href":"https:\/\/www.aberje.com.br\/editora\/wp-json\/wp\/v2\/product_brand?post=130619"},{"taxonomy":"product_cat","embeddable":true,"href":"https:\/\/www.aberje.com.br\/editora\/wp-json\/wp\/v2\/product_cat?post=130619"},{"taxonomy":"product_tag","embeddable":true,"href":"https:\/\/www.aberje.com.br\/editora\/wp-json\/wp\/v2\/product_tag?post=130619"}],"curies":[{"name":"wp","href":"https:\/\/api.w.org\/{rel}","templated":true}]}}

Brand Publishing e Transição Midiática

<p>Este é um livro para profissionais de gestão e negócios, muito além dos que atuam nos departamentos de comunicação e marketing das empresas. Afinal, a transição midiática impacta diretamente todas as organizações, de todos os setores da sociedade. Uma sociedade que, finalmente, ganhou contornos definitivos de &#8220;Sociedade da Informação&#8221;. Onde a comunicação editorial, em particular a disciplina de &#8220;brand publishing&#8221;, será central nos processos da comunicação contemporânea. O livro &#8220;Brand Publishing e Transição Midiática&#8221; é destinado, portanto, para profissionais que precisam entender &#8211; com profundidade e clareza &#8211; os fundamentos da comunicação editorial das marcas. Ou seja, um livro voltado para todas as lideranças de organizações competitivas e relevantes no século XXI.</p>
<p><strong>Título: </strong>Brand Publishing e Transição Midiática<strong><br />
Autor: </strong>Paulo Henrique Ferreira<strong><br />
Páginas: </strong>291<strong><br />
Editora: </strong>Robecca &amp; CO</p>

<p>Este é um livro para profissionais de gestão e negócios, muito além dos que atuam nos departamentos de comunicação e marketing das empresas. Afinal, a transição midiática impacta diretamente todas as organizações, de todos os setores da sociedade. Uma sociedade que, finalmente, ganhou contornos definitivos de &#8220;Sociedade da Informação&#8221;. Onde a comunicação editorial, em particular &hellip; <a href="https://www.aberje.com.br/editora/livro/brand-publishing-e-transicao-midiatica/" class="more-link">Continuar lendo <span class="screen-reader-text">Brand Publishing e Transição Midiática</span></a></p>
