{"id":130557,"date":"2024-07-25T12:11:25","date_gmt":"2024-07-25T15:11:25","guid":{"rendered":"https:\/\/www.aberje.com.br\/editora\/?post_type=product&#038;p=130557"},"modified":"2024-12-01T00:24:04","modified_gmt":"2024-12-01T03:24:04","slug":"rotina-de-ferro","status":"publish","type":"product","link":"https:\/\/www.aberje.com.br\/editora\/livro\/rotina-de-ferro\/","title":{"rendered":"Rotina de ferro"},"content":{"rendered":"<p>Uma hist\u00f3ria de supera\u00e7\u00e3o. Em Rotina de ferro o executivo David Grinberg aborda sua convic\u00e7\u00e3o de que todos n\u00f3s podemos superar os desafios colocados \u00e0 nossa frente. Sejam eles f\u00edsicos, psicol\u00f3gicos ou de sa\u00fade, temos a capacidade de canalizar os esfor\u00e7os necess\u00e1rios para chegar l\u00e1. Esse processo n\u00e3o \u00e9 f\u00e1cil. \u00c9 preciso muita paci\u00eancia, resili\u00eancia e, acima de tudo, vontade de querer realizar os sonhos. Afinal, nada \u00e9 imposs\u00edvel quando estamos empenhados em atingir os objetivos. Na obra, David narra que nunca pensou que poderia enfrentar uma doen\u00e7a t\u00e3o agressiva como um c\u00e2ncer. Dif\u00edcil cair a ficha para algu\u00e9m que sempre foi t\u00e3o saud\u00e1vel, ativo e disciplinado e que tinha como hobby disputar provas de Ironman, a mais temida e longa modalidade de triatlo.<\/p>\n<p>&nbsp;<\/p>\n<p><strong>T\u00edtulo:<\/strong> Rotina de ferro &#8211; Motiva\u00e7\u00e3o, disciplina e resili\u00eancia de um Ironman para vencer o c\u00e2ncer<br \/>\n<strong>Autor: <\/strong>David Grinberg<br \/>\n<strong>N\u00famero de p\u00e1ginas: <\/strong>224<br \/>\n<strong>Ano:<\/strong> 2021<br \/>\n<strong>Editora<\/strong>: Planeta<\/p>\n","protected":false},"excerpt":{"rendered":"<p>Uma hist\u00f3ria de supera\u00e7\u00e3o. Em Rotina de ferro o executivo David Grinberg aborda sua convic\u00e7\u00e3o de que todos n\u00f3s podemos superar os desafios colocados \u00e0 nossa frente. Sejam eles f\u00edsicos, psicol\u00f3gicos ou de sa\u00fade, temos a capacidade de canalizar os esfor\u00e7os necess\u00e1rios para chegar l\u00e1. Esse processo n\u00e3o \u00e9 f\u00e1cil. \u00c9 preciso muita paci\u00eancia, resili\u00eancia &hellip; <a href=\"https:\/\/www.aberje.com.br\/editora\/livro\/rotina-de-ferro\/\" class=\"more-link\">Continuar lendo <span class=\"screen-reader-text\">Rotina de ferro<\/span><\/a><\/p>\n","protected":false},"featured_media":130559,"template":"","meta":{"_acf_changed":false},"product_brand":[],"product_cat":[54,80],"product_tag":[],"class_list":{"0":"post-130557","1":"product","2":"type-product","3":"status-publish","4":"has-post-thumbnail","6":"product_cat-livros-aberje","7":"product_cat-todos","8":"product_shipping_class-frete-economico","10":"first","11":"instock","12":"shipping-taxable","13":"purchasable","14":"product-type-simple"},"acf":[],"_links":{"self":[{"href":"https:\/\/www.aberje.com.br\/editora\/wp-json\/wp\/v2\/product\/130557","targetHints":{"allow":["GET"]}}],"collection":[{"href":"https:\/\/www.aberje.com.br\/editora\/wp-json\/wp\/v2\/product"}],"about":[{"href":"https:\/\/www.aberje.com.br\/editora\/wp-json\/wp\/v2\/types\/product"}],"wp:featuredmedia":[{"embeddable":true,"href":"https:\/\/www.aberje.com.br\/editora\/wp-json\/wp\/v2\/media\/130559"}],"wp:attachment":[{"href":"https:\/\/www.aberje.com.br\/editora\/wp-json\/wp\/v2\/media?parent=130557"}],"wp:term":[{"taxonomy":"product_brand","embeddable":true,"href":"https:\/\/www.aberje.com.br\/editora\/wp-json\/wp\/v2\/product_brand?post=130557"},{"taxonomy":"product_cat","embeddable":true,"href":"https:\/\/www.aberje.com.br\/editora\/wp-json\/wp\/v2\/product_cat?post=130557"},{"taxonomy":"product_tag","embeddable":true,"href":"https:\/\/www.aberje.com.br\/editora\/wp-json\/wp\/v2\/product_tag?post=130557"}],"curies":[{"name":"wp","href":"https:\/\/api.w.org\/{rel}","templated":true}]}}