{"id":130615,"date":"2024-11-12T13:17:14","date_gmt":"2024-11-12T16:17:14","guid":{"rendered":"https:\/\/www.aberje.com.br\/editora\/?post_type=autor&#038;p=130615"},"modified":"2024-11-12T13:17:14","modified_gmt":"2024-11-12T16:17:14","slug":"paulo-henrique-ferreira","status":"publish","type":"autor","link":"https:\/\/www.aberje.com.br\/editora\/autor\/paulo-henrique-ferreira\/","title":{"rendered":"Paulo Henrique Ferreira"},"content":{"rendered":"<p class=\"font_8 wixui-rich-text__text\"><span class=\"wixui-rich-text__text\">Paulo Henrique Ferreira \u00e9 s\u00f3ciofundador e diretor-executivo da Bar\u00f5es Digital Publishing. Fundada em 2017, a Bar\u00f5es \u00e9 a primeira empresa brasileira especializada em brand publishing digital. P.H. teve atua\u00e7\u00f5es relevantes no LANCE!, onde liderou por 7 anos a \u00e1rea digital do ve\u00edculo, e na Movile, quando trabalhou como gestor de comunica\u00e7\u00e3o durante os primeiros 5 anos de sua carreira.<\/span><\/p>\n<p class=\"font_8 wixui-rich-text__text\"><span class=\"wixui-rich-text__text\">Tamb\u00e9m passou pela FSB Comunica\u00e7\u00e3o, como diretor de neg\u00f3cios e plataformas digitais, e pela Accenda &#8211; em que teve sua primeira experi\u00eancia como empreendedor. Graduado em Jornalismo, no final do ano 2000, pela PUC-Campinas (onde, mais tarde, chegou a ser docente), tem mestrado acad\u00eamico pela Universidade de S\u00e3o Paulo; especializa\u00e7\u00e3o em Teorias e T\u00e9cnicas da Comunica\u00e7\u00e3o pela C\u00e1sper L\u00edbero; e MBA em Gest\u00e3o Empresarial pela Funda\u00e7\u00e3o Get\u00falio Vargas.<\/span><\/p>\n<p class=\"font_8 wixui-rich-text__text\"><span class=\"wixui-rich-text__text\">Como escritor, foi coautor de 5 livros sobre nova m\u00eddia para o p\u00fablico acad\u00eamico. \u00c9 autor do romance \u201c\u00c1lbum Duplo\u201d, publicado pela editora Record em 2013. Este \u201cBrand Publishing e Transi\u00e7\u00e3o Midi\u00e1tica\u201d \u00e9 seu primeiro livro voltado para profissionais de gest\u00e3o, neg\u00f3cios, marketing e comunica\u00e7\u00e3o.<\/span><\/p>\n","protected":false},"excerpt":{"rendered":"<p>Paulo Henrique Ferreira \u00e9 s\u00f3ciofundador e diretor-executivo da Bar\u00f5es Digital Publishing. Fundada em 2017, a Bar\u00f5es \u00e9 a primeira empresa brasileira especializada em brand publishing digital. P.H. teve atua\u00e7\u00f5es relevantes no LANCE!, onde liderou por 7 anos a \u00e1rea digital do ve\u00edculo, e na Movile, quando trabalhou como gestor de comunica\u00e7\u00e3o durante os primeiros 5 &hellip; <a href=\"https:\/\/www.aberje.com.br\/editora\/autor\/paulo-henrique-ferreira\/\" class=\"more-link\">Continuar lendo <span class=\"screen-reader-text\">Paulo Henrique Ferreira<\/span><\/a><\/p>\n","protected":false},"featured_media":130616,"parent":0,"menu_order":0,"template":"","meta":{"_acf_changed":false,"footnotes":""},"class_list":["post-130615","autor","type-autor","status-publish","has-post-thumbnail","hentry"],"acf":[],"_links":{"self":[{"href":"https:\/\/www.aberje.com.br\/editora\/wp-json\/wp\/v2\/autor\/130615","targetHints":{"allow":["GET"]}}],"collection":[{"href":"https:\/\/www.aberje.com.br\/editora\/wp-json\/wp\/v2\/autor"}],"about":[{"href":"https:\/\/www.aberje.com.br\/editora\/wp-json\/wp\/v2\/types\/autor"}],"version-history":[{"count":1,"href":"https:\/\/www.aberje.com.br\/editora\/wp-json\/wp\/v2\/autor\/130615\/revisions"}],"predecessor-version":[{"id":130617,"href":"https:\/\/www.aberje.com.br\/editora\/wp-json\/wp\/v2\/autor\/130615\/revisions\/130617"}],"wp:featuredmedia":[{"embeddable":true,"href":"https:\/\/www.aberje.com.br\/editora\/wp-json\/wp\/v2\/media\/130616"}],"wp:attachment":[{"href":"https:\/\/www.aberje.com.br\/editora\/wp-json\/wp\/v2\/media?parent=130615"}],"curies":[{"name":"wp","href":"https:\/\/api.w.org\/{rel}","templated":true}]}}

<p class="font_8 wixui-rich-text__text"><span class="wixui-rich-text__text">Paulo Henrique Ferreira é sóciofundador e diretor-executivo da Barões Digital Publishing. Fundada em 2017, a Barões é a primeira empresa brasileira especializada em brand publishing digital. P.H. teve atuações relevantes no LANCE!, onde liderou por 7 anos a área digital do veículo, e na Movile, quando trabalhou como gestor de comunicação durante os primeiros 5 anos de sua carreira.</span></p>
<p class="font_8 wixui-rich-text__text"><span class="wixui-rich-text__text">Também passou pela FSB Comunicação, como diretor de negócios e plataformas digitais, e pela Accenda &#8211; em que teve sua primeira experiência como empreendedor. Graduado em Jornalismo, no final do ano 2000, pela PUC-Campinas (onde, mais tarde, chegou a ser docente), tem mestrado acadêmico pela Universidade de São Paulo; especialização em Teorias e Técnicas da Comunicação pela Cásper Líbero; e MBA em Gestão Empresarial pela Fundação Getúlio Vargas.</span></p>
<p class="font_8 wixui-rich-text__text"><span class="wixui-rich-text__text">Como escritor, foi coautor de 5 livros sobre nova mídia para o público acadêmico. É autor do romance “Álbum Duplo”, publicado pela editora Record em 2013. Este “Brand Publishing e Transição Midiática” é seu primeiro livro voltado para profissionais de gestão, negócios, marketing e comunicação.</span></p>

<p>Paulo Henrique Ferreira é sóciofundador e diretor-executivo da Barões Digital Publishing. Fundada em 2017, a Barões é a primeira empresa brasileira especializada em brand publishing digital. P.H. teve atuações relevantes no LANCE!, onde liderou por 7 anos a área digital do veículo, e na Movile, quando trabalhou como gestor de comunicação durante os primeiros 5 &hellip; <a href="https://www.aberje.com.br/editora/autor/paulo-henrique-ferreira/" class="more-link">Continuar lendo <span class="screen-reader-text">Paulo Henrique Ferreira</span></a></p>
