{"id":3925,"date":"2023-12-11T17:18:26","date_gmt":"2023-12-11T17:18:26","guid":{"rendered":"https:\/\/www.aberje.com.br\/ce\/?post_type=premiado-aberje&#038;p=3925"},"modified":"2023-12-12T15:52:56","modified_gmt":"2023-12-12T15:52:56","slug":"alex-pereira-de-morais","status":"publish","type":"premiado-aberje","link":"https:\/\/www.aberje.com.br\/ce\/premio-aberje\/2023\/premios-especiais\/alex-pereira-de-morais","title":{"rendered":"Alex Pereira de Morais"},"content":{"rendered":"","protected":false},"excerpt":{"rendered":"","protected":false},"featured_media":3926,"parent":0,"menu_order":0,"template":"","format":"standard","meta":{"_acf_changed":false,"footnotes":""},"categoria-premio":[53,52],"class_list":["post-3925","premiado-aberje","type-premiado-aberje","status-publish","format-standard","has-post-thumbnail","hentry","categoria-premio-comunicadores-do-ano","categoria-premio-premios-especiais"],"acf":[],"yoast_head":"<!-- This site is optimized with the Yoast SEO plugin v25.3.1 - https:\/\/yoast.com\/wordpress\/plugins\/seo\/ -->\n<title>Alex Pereira de Morais - CE<\/title>\n<meta name=\"robots\" content=\"index, follow, max-snippet:-1, max-image-preview:large, max-video-preview:-1\" \/>\n<link rel=\"canonical\" href=\"https:\/\/www.aberje.com.br\/ce\/premio-aberje\/2023\/premios-especiais\/alex-pereira-de-morais\" \/>\n<meta property=\"og:locale\" content=\"pt_BR\" \/>\n<meta property=\"og:type\" content=\"article\" \/>\n<meta property=\"og:title\" content=\"Alex Pereira de Morais - CE\" \/>\n<meta property=\"og:url\" content=\"https:\/\/www.aberje.com.br\/ce\/premio-aberje\/2023\/premios-especiais\/alex-pereira-de-morais\" \/>\n<meta property=\"og:site_name\" content=\"CE\" \/>\n<meta property=\"article:modified_time\" content=\"2023-12-12T15:52:56+00:00\" \/>\n<meta property=\"og:image\" content=\"https:\/\/www.aberje.com.br\/ce\/wp-content\/uploads\/2023\/12\/Alex-Pereira0001-scaled-e1702314986749.jpg\" \/>\n\t<meta property=\"og:image:width\" content=\"900\" \/>\n\t<meta property=\"og:image:height\" content=\"600\" \/>\n\t<meta property=\"og:image:type\" content=\"image\/jpeg\" \/>\n<meta name=\"twitter:card\" content=\"summary_large_image\" \/>\n<script type=\"application\/ld+json\" class=\"yoast-schema-graph\">{\"@context\":\"https:\/\/schema.org\",\"@graph\":[{\"@type\":\"WebPage\",\"@id\":\"https:\/\/www.aberje.com.br\/ce\/premio-aberje\/2023\/premios-especiais\/alex-pereira-de-morais\",\"url\":\"https:\/\/www.aberje.com.br\/ce\/premio-aberje\/2023\/premios-especiais\/alex-pereira-de-morais\",\"name\":\"Alex Pereira de Morais - CE\",\"isPartOf\":{\"@id\":\"https:\/\/www.aberje.com.br\/ce\/#website\"},\"primaryImageOfPage\":{\"@id\":\"https:\/\/www.aberje.com.br\/ce\/premio-aberje\/2023\/premios-especiais\/alex-pereira-de-morais#primaryimage\"},\"image\":{\"@id\":\"https:\/\/www.aberje.com.br\/ce\/premio-aberje\/2023\/premios-especiais\/alex-pereira-de-morais#primaryimage\"},\"thumbnailUrl\":\"https:\/\/www.aberje.com.br\/ce\/wp-content\/uploads\/2023\/12\/Alex-Pereira0001-scaled-e1702314986749.jpg\",\"datePublished\":\"2023-12-11T17:18:26+00:00\",\"dateModified\":\"2023-12-12T15:52:56+00:00\",\"breadcrumb\":{\"@id\":\"https:\/\/www.aberje.com.br\/ce\/premio-aberje\/2023\/premios-especiais\/alex-pereira-de-morais#breadcrumb\"},\"inLanguage\":\"pt-BR\",\"potentialAction\":[{\"@type\":\"ReadAction\",\"target\":[\"https:\/\/www.aberje.com.br\/ce\/premio-aberje\/2023\/premios-especiais\/alex-pereira-de-morais\"]}]},{\"@type\":\"ImageObject\",\"inLanguage\":\"pt-BR\",\"@id\":\"https:\/\/www.aberje.com.br\/ce\/premio-aberje\/2023\/premios-especiais\/alex-pereira-de-morais#primaryimage\",\"url\":\"https:\/\/www.aberje.com.br\/ce\/wp-content\/uploads\/2023\/12\/Alex-Pereira0001-scaled-e1702314986749.jpg\",\"contentUrl\":\"https:\/\/www.aberje.com.br\/ce\/wp-content\/uploads\/2023\/12\/Alex-Pereira0001-scaled-e1702314986749.jpg\",\"width\":900,\"height\":600,\"caption\":\"Alex Pereira Sotreq Pr\u00eamio ABERJE 2023 Foto: Roberto Setton | Divulga\u00e7\u00e3o 29 11 2023\"},{\"@type\":\"BreadcrumbList\",\"@id\":\"https:\/\/www.aberje.com.br\/ce\/premio-aberje\/2023\/premios-especiais\/alex-pereira-de-morais#breadcrumb\",\"itemListElement\":[{\"@type\":\"ListItem\",\"position\":1,\"name\":\"In\u00edcio\",\"item\":\"https:\/\/www.aberje.com.br\/ce\/\"},{\"@type\":\"ListItem\",\"position\":2,\"name\":\"Alex Pereira de Morais\"}]},{\"@type\":\"WebSite\",\"@id\":\"https:\/\/www.aberje.com.br\/ce\/#website\",\"url\":\"https:\/\/www.aberje.com.br\/ce\/\",\"name\":\"CE\",\"description\":\"Revista Comunica\u00e7\u00e3o Empresarial\",\"potentialAction\":[{\"@type\":\"SearchAction\",\"target\":{\"@type\":\"EntryPoint\",\"urlTemplate\":\"https:\/\/www.aberje.com.br\/ce\/?s={search_term_string}\"},\"query-input\":{\"@type\":\"PropertyValueSpecification\",\"valueRequired\":true,\"valueName\":\"search_term_string\"}}],\"inLanguage\":\"pt-BR\"}]}<\/script>\n<!-- \/ Yoast SEO plugin. -->","yoast_head_json":{"title":"Alex Pereira de Morais - CE","robots":{"index":"index","follow":"follow","max-snippet":"max-snippet:-1","max-image-preview":"max-image-preview:large","max-video-preview":"max-video-preview:-1"},"canonical":"https:\/\/www.aberje.com.br\/ce\/premio-aberje\/2023\/premios-especiais\/alex-pereira-de-morais","og_locale":"pt_BR","og_type":"article","og_title":"Alex Pereira de Morais - CE","og_url":"https:\/\/www.aberje.com.br\/ce\/premio-aberje\/2023\/premios-especiais\/alex-pereira-de-morais","og_site_name":"CE","article_modified_time":"2023-12-12T15:52:56+00:00","og_image":[{"width":900,"height":600,"url":"https:\/\/www.aberje.com.br\/ce\/wp-content\/uploads\/2023\/12\/Alex-Pereira0001-scaled-e1702314986749.jpg","type":"image\/jpeg"}],"twitter_card":"summary_large_image","schema":{"@context":"https:\/\/schema.org","@graph":[{"@type":"WebPage","@id":"https:\/\/www.aberje.com.br\/ce\/premio-aberje\/2023\/premios-especiais\/alex-pereira-de-morais","url":"https:\/\/www.aberje.com.br\/ce\/premio-aberje\/2023\/premios-especiais\/alex-pereira-de-morais","name":"Alex Pereira de Morais - CE","isPartOf":{"@id":"https:\/\/www.aberje.com.br\/ce\/#website"},"primaryImageOfPage":{"@id":"https:\/\/www.aberje.com.br\/ce\/premio-aberje\/2023\/premios-especiais\/alex-pereira-de-morais#primaryimage"},"image":{"@id":"https:\/\/www.aberje.com.br\/ce\/premio-aberje\/2023\/premios-especiais\/alex-pereira-de-morais#primaryimage"},"thumbnailUrl":"https:\/\/www.aberje.com.br\/ce\/wp-content\/uploads\/2023\/12\/Alex-Pereira0001-scaled-e1702314986749.jpg","datePublished":"2023-12-11T17:18:26+00:00","dateModified":"2023-12-12T15:52:56+00:00","breadcrumb":{"@id":"https:\/\/www.aberje.com.br\/ce\/premio-aberje\/2023\/premios-especiais\/alex-pereira-de-morais#breadcrumb"},"inLanguage":"pt-BR","potentialAction":[{"@type":"ReadAction","target":["https:\/\/www.aberje.com.br\/ce\/premio-aberje\/2023\/premios-especiais\/alex-pereira-de-morais"]}]},{"@type":"ImageObject","inLanguage":"pt-BR","@id":"https:\/\/www.aberje.com.br\/ce\/premio-aberje\/2023\/premios-especiais\/alex-pereira-de-morais#primaryimage","url":"https:\/\/www.aberje.com.br\/ce\/wp-content\/uploads\/2023\/12\/Alex-Pereira0001-scaled-e1702314986749.jpg","contentUrl":"https:\/\/www.aberje.com.br\/ce\/wp-content\/uploads\/2023\/12\/Alex-Pereira0001-scaled-e1702314986749.jpg","width":900,"height":600,"caption":"Alex Pereira Sotreq Pr\u00eamio ABERJE 2023 Foto: Roberto Setton | Divulga\u00e7\u00e3o 29 11 2023"},{"@type":"BreadcrumbList","@id":"https:\/\/www.aberje.com.br\/ce\/premio-aberje\/2023\/premios-especiais\/alex-pereira-de-morais#breadcrumb","itemListElement":[{"@type":"ListItem","position":1,"name":"In\u00edcio","item":"https:\/\/www.aberje.com.br\/ce\/"},{"@type":"ListItem","position":2,"name":"Alex Pereira de Morais"}]},{"@type":"WebSite","@id":"https:\/\/www.aberje.com.br\/ce\/#website","url":"https:\/\/www.aberje.com.br\/ce\/","name":"CE","description":"Revista Comunica\u00e7\u00e3o Empresarial","potentialAction":[{"@type":"SearchAction","target":{"@type":"EntryPoint","urlTemplate":"https:\/\/www.aberje.com.br\/ce\/?s={search_term_string}"},"query-input":{"@type":"PropertyValueSpecification","valueRequired":true,"valueName":"search_term_string"}}],"inLanguage":"pt-BR"}]}},"_links":{"self":[{"href":"https:\/\/www.aberje.com.br\/ce\/wp-json\/wp\/v2\/premiado-aberje\/3925","targetHints":{"allow":["GET"]}}],"collection":[{"href":"https:\/\/www.aberje.com.br\/ce\/wp-json\/wp\/v2\/premiado-aberje"}],"about":[{"href":"https:\/\/www.aberje.com.br\/ce\/wp-json\/wp\/v2\/types\/premiado-aberje"}],"version-history":[{"count":3,"href":"https:\/\/www.aberje.com.br\/ce\/wp-json\/wp\/v2\/premiado-aberje\/3925\/revisions"}],"predecessor-version":[{"id":4087,"href":"https:\/\/www.aberje.com.br\/ce\/wp-json\/wp\/v2\/premiado-aberje\/3925\/revisions\/4087"}],"wp:featuredmedia":[{"embeddable":true,"href":"https:\/\/www.aberje.com.br\/ce\/wp-json\/wp\/v2\/media\/3926"}],"wp:attachment":[{"href":"https:\/\/www.aberje.com.br\/ce\/wp-json\/wp\/v2\/media?parent=3925"}],"wp:term":[{"taxonomy":"categoria-premio","embeddable":true,"href":"https:\/\/www.aberje.com.br\/ce\/wp-json\/wp\/v2\/categoria-premio?post=3925"}],"curies":[{"name":"wp","href":"https:\/\/api.w.org\/{rel}","templated":true}]}}

<!-- This site is optimized with the Yoast SEO plugin v25.3.1 - https://yoast.com/wordpress/plugins/seo/ -->
<title>Alex Pereira de Morais - CE</title>
<meta name="robots" content="index, follow, max-snippet:-1, max-image-preview:large, max-video-preview:-1" />
<link rel="canonical" href="https://www.aberje.com.br/ce/premio-aberje/2023/premios-especiais/alex-pereira-de-morais" />
<meta property="og:locale" content="pt_BR" />
<meta property="og:type" content="article" />
<meta property="og:title" content="Alex Pereira de Morais - CE" />
<meta property="og:url" content="https://www.aberje.com.br/ce/premio-aberje/2023/premios-especiais/alex-pereira-de-morais" />
<meta property="og:site_name" content="CE" />
<meta property="article:modified_time" content="2023-12-12T15:52:56+00:00" />
<meta property="og:image" content="https://www.aberje.com.br/ce/wp-content/uploads/2023/12/Alex-Pereira0001-scaled-e1702314986749.jpg" />
	<meta property="og:image:width" content="900" />
	<meta property="og:image:height" content="600" />
	<meta property="og:image:type" content="image/jpeg" />
<meta name="twitter:card" content="summary_large_image" />
<script type="application/ld+json" class="yoast-schema-graph">{"@context":"https://schema.org","@graph":[{"@type":"WebPage","@id":"https://www.aberje.com.br/ce/premio-aberje/2023/premios-especiais/alex-pereira-de-morais","url":"https://www.aberje.com.br/ce/premio-aberje/2023/premios-especiais/alex-pereira-de-morais","name":"Alex Pereira de Morais - CE","isPartOf":{"@id":"https://www.aberje.com.br/ce/#website"},"primaryImageOfPage":{"@id":"https://www.aberje.com.br/ce/premio-aberje/2023/premios-especiais/alex-pereira-de-morais#primaryimage"},"image":{"@id":"https://www.aberje.com.br/ce/premio-aberje/2023/premios-especiais/alex-pereira-de-morais#primaryimage"},"thumbnailUrl":"https://www.aberje.com.br/ce/wp-content/uploads/2023/12/Alex-Pereira0001-scaled-e1702314986749.jpg","datePublished":"2023-12-11T17:18:26+00:00","dateModified":"2023-12-12T15:52:56+00:00","breadcrumb":{"@id":"https://www.aberje.com.br/ce/premio-aberje/2023/premios-especiais/alex-pereira-de-morais#breadcrumb"},"inLanguage":"pt-BR","potentialAction":[{"@type":"ReadAction","target":["https://www.aberje.com.br/ce/premio-aberje/2023/premios-especiais/alex-pereira-de-morais"]}]},{"@type":"ImageObject","inLanguage":"pt-BR","@id":"https://www.aberje.com.br/ce/premio-aberje/2023/premios-especiais/alex-pereira-de-morais#primaryimage","url":"https://www.aberje.com.br/ce/wp-content/uploads/2023/12/Alex-Pereira0001-scaled-e1702314986749.jpg","contentUrl":"https://www.aberje.com.br/ce/wp-content/uploads/2023/12/Alex-Pereira0001-scaled-e1702314986749.jpg","width":900,"height":600,"caption":"Alex Pereira Sotreq Prêmio ABERJE 2023 Foto: Roberto Setton | Divulgação 29 11 2023"},{"@type":"BreadcrumbList","@id":"https://www.aberje.com.br/ce/premio-aberje/2023/premios-especiais/alex-pereira-de-morais#breadcrumb","itemListElement":[{"@type":"ListItem","position":1,"name":"Início","item":"https://www.aberje.com.br/ce/"},{"@type":"ListItem","position":2,"name":"Alex Pereira de Morais"}]},{"@type":"WebSite","@id":"https://www.aberje.com.br/ce/#website","url":"https://www.aberje.com.br/ce/","name":"CE","description":"Revista Comunicação Empresarial","potentialAction":[{"@type":"SearchAction","target":{"@type":"EntryPoint","urlTemplate":"https://www.aberje.com.br/ce/?s={search_term_string}"},"query-input":{"@type":"PropertyValueSpecification","valueRequired":true,"valueName":"search_term_string"}}],"inLanguage":"pt-BR"}]}</script>
<!-- / Yoast SEO plugin. -->

Alex Pereira Sotreq Prêmio ABERJE 2023 Foto: Roberto Setton | Divulgação 29 11 2023

Início

Revista Comunicação Empresarial
