{"id":3844,"date":"2023-12-11T14:17:23","date_gmt":"2023-12-11T14:17:23","guid":{"rendered":"https:\/\/www.aberje.com.br\/ce\/?post_type=premiado-aberje&#038;p=3844"},"modified":"2023-12-12T00:20:38","modified_gmt":"2023-12-12T00:20:38","slug":"folha-de-sao-paulo-iniciativa-todas","status":"publish","type":"premiado-aberje","link":"https:\/\/www.aberje.com.br\/ce\/premio-aberje\/2023\/premios-especiais\/inovacao-em-producao-de-conteudo","title":{"rendered":"Folha de S\u00e3o Paulo &#8211; Iniciativa TODAS"},"content":{"rendered":"<p>A presen\u00e7a das mulheres nas \u00e1reas de comunica\u00e7\u00e3o \u2013 do jornalismo \u00e0 comunica\u00e7\u00e3o corporativa \u2013 \u00e9 dominante. Ainda assim, h\u00e1 desafios a se enfrentar. Neste sentido, a iniciativa TODAS, da Folha de S. Paulo, cumpre um importante papel na cria\u00e7\u00e3o de espa\u00e7os para vozes femininas e diversas, aumentando a cobertura de temas voltados \u00e0s mulheres, desde sa\u00fade mental e carreira, passando por maternidade e cultura. A iniciativa transforma a realidade n\u00e3o s\u00f3 de quem l\u00ea, mas tamb\u00e9m de quem trabalha com a informa\u00e7\u00e3o. A r\u00e1pida ades\u00e3o de empresas apoiando o projeto (11 cotas em menos de 1 m\u00eas), mostra como o tema \u00e9 relevante para o posicionamento das empresas em diversos setores.<\/p>\n<p>Pela pertin\u00eancia da iniciativa em um dos principais ve\u00edculos de comunica\u00e7\u00e3o do pa\u00eds, adicionado a outras iniciativas que visam dar perenidade \u00e0 forma\u00e7\u00e3o e o estreitamento na rela\u00e7\u00e3o da reda\u00e7\u00e3o com suas leitoras, o <strong>Pr\u00eamio M\u00eddia do Ano, na Categoria Inova\u00e7\u00e3o em Produ\u00e7\u00e3o de Conte\u00fado, \u00e9 concedido a iniciativa Todas, do jornal Folha de S. Paulo. <\/strong><\/p>\n","protected":false},"excerpt":{"rendered":"<p>A presen\u00e7a das mulheres nas \u00e1reas de comunica\u00e7\u00e3o \u2013 do jornalismo \u00e0 comunica\u00e7\u00e3o corporativa \u2013 \u00e9 dominante. Ainda assim, h\u00e1 desafios a se enfrentar. Neste sentido, a iniciativa TODAS, da Folha de S. Paulo, cumpre um importante papel na cria\u00e7\u00e3o de espa\u00e7os para vozes femininas e diversas, aumentando a cobertura de temas voltados \u00e0s mulheres, &hellip; <a href=\"https:\/\/www.aberje.com.br\/ce\/premio-aberje\/2023\/premios-especiais\/inovacao-em-producao-de-conteudo\" class=\"more-link\">Continuar lendo <span class=\"screen-reader-text\">Folha de S\u00e3o Paulo &#8211; Iniciativa TODAS<\/span><\/a><\/p>\n","protected":false},"featured_media":3845,"parent":0,"menu_order":0,"template":"","format":"standard","meta":{"_acf_changed":false,"footnotes":""},"categoria-premio":[60,57,52],"class_list":["post-3844","premiado-aberje","type-premiado-aberje","status-publish","format-standard","has-post-thumbnail","hentry","categoria-premio-midia-especializada","categoria-premio-midias-do-ano","categoria-premio-premios-especiais"],"acf":[],"yoast_head":"<!-- This site is optimized with the Yoast SEO plugin v25.3.1 - https:\/\/yoast.com\/wordpress\/plugins\/seo\/ -->\n<title>Folha de S\u00e3o Paulo - Iniciativa TODAS - CE<\/title>\n<meta name=\"robots\" content=\"index, follow, max-snippet:-1, max-image-preview:large, max-video-preview:-1\" \/>\n<link rel=\"canonical\" href=\"https:\/\/www.aberje.com.br\/ce\/premio-aberje\/2023\/premios-especiais\/inovacao-em-producao-de-conteudo\" \/>\n<meta property=\"og:locale\" content=\"pt_BR\" \/>\n<meta property=\"og:type\" content=\"article\" \/>\n<meta property=\"og:title\" content=\"Folha de S\u00e3o Paulo - Iniciativa TODAS - CE\" \/>\n<meta property=\"og:description\" content=\"A presen\u00e7a das mulheres nas \u00e1reas de comunica\u00e7\u00e3o \u2013 do jornalismo \u00e0 comunica\u00e7\u00e3o corporativa \u2013 \u00e9 dominante. Ainda assim, h\u00e1 desafios a se enfrentar. Neste sentido, a iniciativa TODAS, da Folha de S. Paulo, cumpre um importante papel na cria\u00e7\u00e3o de espa\u00e7os para vozes femininas e diversas, aumentando a cobertura de temas voltados \u00e0s mulheres, &hellip; Continuar lendo Folha de S\u00e3o Paulo &#8211; Iniciativa TODAS\" \/>\n<meta property=\"og:url\" content=\"https:\/\/www.aberje.com.br\/ce\/premio-aberje\/2023\/premios-especiais\/inovacao-em-producao-de-conteudo\" \/>\n<meta property=\"og:site_name\" content=\"CE\" \/>\n<meta property=\"article:modified_time\" content=\"2023-12-12T00:20:38+00:00\" \/>\n<meta property=\"og:image\" content=\"https:\/\/www.aberje.com.br\/ce\/wp-content\/uploads\/2023\/12\/Iniciativa-TODAS-Folha.jpg\" \/>\n\t<meta property=\"og:image:width\" content=\"2400\" \/>\n\t<meta property=\"og:image:height\" content=\"1600\" \/>\n\t<meta property=\"og:image:type\" content=\"image\/jpeg\" \/>\n<meta name=\"twitter:card\" content=\"summary_large_image\" \/>\n<meta name=\"twitter:label1\" content=\"Est. tempo de leitura\" \/>\n\t<meta name=\"twitter:data1\" content=\"1 minuto\" \/>\n<script type=\"application\/ld+json\" class=\"yoast-schema-graph\">{\"@context\":\"https:\/\/schema.org\",\"@graph\":[{\"@type\":\"WebPage\",\"@id\":\"https:\/\/www.aberje.com.br\/ce\/premio-aberje\/2023\/premios-especiais\/inovacao-em-producao-de-conteudo\",\"url\":\"https:\/\/www.aberje.com.br\/ce\/premio-aberje\/2023\/premios-especiais\/inovacao-em-producao-de-conteudo\",\"name\":\"Folha de S\u00e3o Paulo - Iniciativa TODAS - CE\",\"isPartOf\":{\"@id\":\"https:\/\/www.aberje.com.br\/ce\/#website\"},\"primaryImageOfPage\":{\"@id\":\"https:\/\/www.aberje.com.br\/ce\/premio-aberje\/2023\/premios-especiais\/inovacao-em-producao-de-conteudo#primaryimage\"},\"image\":{\"@id\":\"https:\/\/www.aberje.com.br\/ce\/premio-aberje\/2023\/premios-especiais\/inovacao-em-producao-de-conteudo#primaryimage\"},\"thumbnailUrl\":\"https:\/\/www.aberje.com.br\/ce\/wp-content\/uploads\/2023\/12\/Iniciativa-TODAS-Folha.jpg\",\"datePublished\":\"2023-12-11T14:17:23+00:00\",\"dateModified\":\"2023-12-12T00:20:38+00:00\",\"breadcrumb\":{\"@id\":\"https:\/\/www.aberje.com.br\/ce\/premio-aberje\/2023\/premios-especiais\/inovacao-em-producao-de-conteudo#breadcrumb\"},\"inLanguage\":\"pt-BR\",\"potentialAction\":[{\"@type\":\"ReadAction\",\"target\":[\"https:\/\/www.aberje.com.br\/ce\/premio-aberje\/2023\/premios-especiais\/inovacao-em-producao-de-conteudo\"]}]},{\"@type\":\"ImageObject\",\"inLanguage\":\"pt-BR\",\"@id\":\"https:\/\/www.aberje.com.br\/ce\/premio-aberje\/2023\/premios-especiais\/inovacao-em-producao-de-conteudo#primaryimage\",\"url\":\"https:\/\/www.aberje.com.br\/ce\/wp-content\/uploads\/2023\/12\/Iniciativa-TODAS-Folha.jpg\",\"contentUrl\":\"https:\/\/www.aberje.com.br\/ce\/wp-content\/uploads\/2023\/12\/Iniciativa-TODAS-Folha.jpg\",\"width\":2400,\"height\":1600},{\"@type\":\"BreadcrumbList\",\"@id\":\"https:\/\/www.aberje.com.br\/ce\/premio-aberje\/2023\/premios-especiais\/inovacao-em-producao-de-conteudo#breadcrumb\",\"itemListElement\":[{\"@type\":\"ListItem\",\"position\":1,\"name\":\"In\u00edcio\",\"item\":\"https:\/\/www.aberje.com.br\/ce\/\"},{\"@type\":\"ListItem\",\"position\":2,\"name\":\"Folha de S\u00e3o Paulo &#8211; Iniciativa TODAS\"}]},{\"@type\":\"WebSite\",\"@id\":\"https:\/\/www.aberje.com.br\/ce\/#website\",\"url\":\"https:\/\/www.aberje.com.br\/ce\/\",\"name\":\"CE\",\"description\":\"Revista Comunica\u00e7\u00e3o Empresarial\",\"potentialAction\":[{\"@type\":\"SearchAction\",\"target\":{\"@type\":\"EntryPoint\",\"urlTemplate\":\"https:\/\/www.aberje.com.br\/ce\/?s={search_term_string}\"},\"query-input\":{\"@type\":\"PropertyValueSpecification\",\"valueRequired\":true,\"valueName\":\"search_term_string\"}}],\"inLanguage\":\"pt-BR\"}]}<\/script>\n<!-- \/ Yoast SEO plugin. -->","yoast_head_json":{"title":"Folha de S\u00e3o Paulo - Iniciativa TODAS - CE","robots":{"index":"index","follow":"follow","max-snippet":"max-snippet:-1","max-image-preview":"max-image-preview:large","max-video-preview":"max-video-preview:-1"},"canonical":"https:\/\/www.aberje.com.br\/ce\/premio-aberje\/2023\/premios-especiais\/inovacao-em-producao-de-conteudo","og_locale":"pt_BR","og_type":"article","og_title":"Folha de S\u00e3o Paulo - Iniciativa TODAS - CE","og_description":"A presen\u00e7a das mulheres nas \u00e1reas de comunica\u00e7\u00e3o \u2013 do jornalismo \u00e0 comunica\u00e7\u00e3o corporativa \u2013 \u00e9 dominante. Ainda assim, h\u00e1 desafios a se enfrentar. Neste sentido, a iniciativa TODAS, da Folha de S. Paulo, cumpre um importante papel na cria\u00e7\u00e3o de espa\u00e7os para vozes femininas e diversas, aumentando a cobertura de temas voltados \u00e0s mulheres, &hellip; Continuar lendo Folha de S\u00e3o Paulo &#8211; Iniciativa TODAS","og_url":"https:\/\/www.aberje.com.br\/ce\/premio-aberje\/2023\/premios-especiais\/inovacao-em-producao-de-conteudo","og_site_name":"CE","article_modified_time":"2023-12-12T00:20:38+00:00","og_image":[{"width":2400,"height":1600,"url":"https:\/\/www.aberje.com.br\/ce\/wp-content\/uploads\/2023\/12\/Iniciativa-TODAS-Folha.jpg","type":"image\/jpeg"}],"twitter_card":"summary_large_image","twitter_misc":{"Est. tempo de leitura":"1 minuto"},"schema":{"@context":"https:\/\/schema.org","@graph":[{"@type":"WebPage","@id":"https:\/\/www.aberje.com.br\/ce\/premio-aberje\/2023\/premios-especiais\/inovacao-em-producao-de-conteudo","url":"https:\/\/www.aberje.com.br\/ce\/premio-aberje\/2023\/premios-especiais\/inovacao-em-producao-de-conteudo","name":"Folha de S\u00e3o Paulo - Iniciativa TODAS - CE","isPartOf":{"@id":"https:\/\/www.aberje.com.br\/ce\/#website"},"primaryImageOfPage":{"@id":"https:\/\/www.aberje.com.br\/ce\/premio-aberje\/2023\/premios-especiais\/inovacao-em-producao-de-conteudo#primaryimage"},"image":{"@id":"https:\/\/www.aberje.com.br\/ce\/premio-aberje\/2023\/premios-especiais\/inovacao-em-producao-de-conteudo#primaryimage"},"thumbnailUrl":"https:\/\/www.aberje.com.br\/ce\/wp-content\/uploads\/2023\/12\/Iniciativa-TODAS-Folha.jpg","datePublished":"2023-12-11T14:17:23+00:00","dateModified":"2023-12-12T00:20:38+00:00","breadcrumb":{"@id":"https:\/\/www.aberje.com.br\/ce\/premio-aberje\/2023\/premios-especiais\/inovacao-em-producao-de-conteudo#breadcrumb"},"inLanguage":"pt-BR","potentialAction":[{"@type":"ReadAction","target":["https:\/\/www.aberje.com.br\/ce\/premio-aberje\/2023\/premios-especiais\/inovacao-em-producao-de-conteudo"]}]},{"@type":"ImageObject","inLanguage":"pt-BR","@id":"https:\/\/www.aberje.com.br\/ce\/premio-aberje\/2023\/premios-especiais\/inovacao-em-producao-de-conteudo#primaryimage","url":"https:\/\/www.aberje.com.br\/ce\/wp-content\/uploads\/2023\/12\/Iniciativa-TODAS-Folha.jpg","contentUrl":"https:\/\/www.aberje.com.br\/ce\/wp-content\/uploads\/2023\/12\/Iniciativa-TODAS-Folha.jpg","width":2400,"height":1600},{"@type":"BreadcrumbList","@id":"https:\/\/www.aberje.com.br\/ce\/premio-aberje\/2023\/premios-especiais\/inovacao-em-producao-de-conteudo#breadcrumb","itemListElement":[{"@type":"ListItem","position":1,"name":"In\u00edcio","item":"https:\/\/www.aberje.com.br\/ce\/"},{"@type":"ListItem","position":2,"name":"Folha de S\u00e3o Paulo &#8211; Iniciativa TODAS"}]},{"@type":"WebSite","@id":"https:\/\/www.aberje.com.br\/ce\/#website","url":"https:\/\/www.aberje.com.br\/ce\/","name":"CE","description":"Revista Comunica\u00e7\u00e3o Empresarial","potentialAction":[{"@type":"SearchAction","target":{"@type":"EntryPoint","urlTemplate":"https:\/\/www.aberje.com.br\/ce\/?s={search_term_string}"},"query-input":{"@type":"PropertyValueSpecification","valueRequired":true,"valueName":"search_term_string"}}],"inLanguage":"pt-BR"}]}},"_links":{"self":[{"href":"https:\/\/www.aberje.com.br\/ce\/wp-json\/wp\/v2\/premiado-aberje\/3844","targetHints":{"allow":["GET"]}}],"collection":[{"href":"https:\/\/www.aberje.com.br\/ce\/wp-json\/wp\/v2\/premiado-aberje"}],"about":[{"href":"https:\/\/www.aberje.com.br\/ce\/wp-json\/wp\/v2\/types\/premiado-aberje"}],"version-history":[{"count":3,"href":"https:\/\/www.aberje.com.br\/ce\/wp-json\/wp\/v2\/premiado-aberje\/3844\/revisions"}],"predecessor-version":[{"id":3965,"href":"https:\/\/www.aberje.com.br\/ce\/wp-json\/wp\/v2\/premiado-aberje\/3844\/revisions\/3965"}],"wp:featuredmedia":[{"embeddable":true,"href":"https:\/\/www.aberje.com.br\/ce\/wp-json\/wp\/v2\/media\/3845"}],"wp:attachment":[{"href":"https:\/\/www.aberje.com.br\/ce\/wp-json\/wp\/v2\/media?parent=3844"}],"wp:term":[{"taxonomy":"categoria-premio","embeddable":true,"href":"https:\/\/www.aberje.com.br\/ce\/wp-json\/wp\/v2\/categoria-premio?post=3844"}],"curies":[{"name":"wp","href":"https:\/\/api.w.org\/{rel}","templated":true}]}}

Folha de São Paulo &#8211; Iniciativa TODAS

<p>A presença das mulheres nas áreas de comunicação – do jornalismo à comunicação corporativa – é dominante. Ainda assim, há desafios a se enfrentar. Neste sentido, a iniciativa TODAS, da Folha de S. Paulo, cumpre um importante papel na criação de espaços para vozes femininas e diversas, aumentando a cobertura de temas voltados às mulheres, desde saúde mental e carreira, passando por maternidade e cultura. A iniciativa transforma a realidade não só de quem lê, mas também de quem trabalha com a informação. A rápida adesão de empresas apoiando o projeto (11 cotas em menos de 1 mês), mostra como o tema é relevante para o posicionamento das empresas em diversos setores.</p>
<p>Pela pertinência da iniciativa em um dos principais veículos de comunicação do país, adicionado a outras iniciativas que visam dar perenidade à formação e o estreitamento na relação da redação com suas leitoras, o <strong>Prêmio Mídia do Ano, na Categoria Inovação em Produção de Conteúdo, é concedido a iniciativa Todas, do jornal Folha de S. Paulo. </strong></p>

<p>A presença das mulheres nas áreas de comunicação – do jornalismo à comunicação corporativa – é dominante. Ainda assim, há desafios a se enfrentar. Neste sentido, a iniciativa TODAS, da Folha de S. Paulo, cumpre um importante papel na criação de espaços para vozes femininas e diversas, aumentando a cobertura de temas voltados às mulheres, &hellip; <a href="https://www.aberje.com.br/ce/premio-aberje/2023/premios-especiais/inovacao-em-producao-de-conteudo" class="more-link">Continuar lendo <span class="screen-reader-text">Folha de São Paulo &#8211; Iniciativa TODAS</span></a></p>

<!-- This site is optimized with the Yoast SEO plugin v25.3.1 - https://yoast.com/wordpress/plugins/seo/ -->
<title>Folha de São Paulo - Iniciativa TODAS - CE</title>
<meta name="robots" content="index, follow, max-snippet:-1, max-image-preview:large, max-video-preview:-1" />
<link rel="canonical" href="https://www.aberje.com.br/ce/premio-aberje/2023/premios-especiais/inovacao-em-producao-de-conteudo" />
<meta property="og:locale" content="pt_BR" />
<meta property="og:type" content="article" />
<meta property="og:title" content="Folha de São Paulo - Iniciativa TODAS - CE" />
<meta property="og:description" content="A presença das mulheres nas áreas de comunicação – do jornalismo à comunicação corporativa – é dominante. Ainda assim, há desafios a se enfrentar. Neste sentido, a iniciativa TODAS, da Folha de S. Paulo, cumpre um importante papel na criação de espaços para vozes femininas e diversas, aumentando a cobertura de temas voltados às mulheres, &hellip; Continuar lendo Folha de São Paulo &#8211; Iniciativa TODAS" />
<meta property="og:url" content="https://www.aberje.com.br/ce/premio-aberje/2023/premios-especiais/inovacao-em-producao-de-conteudo" />
<meta property="og:site_name" content="CE" />
<meta property="article:modified_time" content="2023-12-12T00:20:38+00:00" />
<meta property="og:image" content="https://www.aberje.com.br/ce/wp-content/uploads/2023/12/Iniciativa-TODAS-Folha.jpg" />
	<meta property="og:image:width" content="2400" />
	<meta property="og:image:height" content="1600" />
	<meta property="og:image:type" content="image/jpeg" />
<meta name="twitter:card" content="summary_large_image" />
<meta name="twitter:label1" content="Est. tempo de leitura" />
	<meta name="twitter:data1" content="1 minuto" />
<script type="application/ld+json" class="yoast-schema-graph">{"@context":"https://schema.org","@graph":[{"@type":"WebPage","@id":"https://www.aberje.com.br/ce/premio-aberje/2023/premios-especiais/inovacao-em-producao-de-conteudo","url":"https://www.aberje.com.br/ce/premio-aberje/2023/premios-especiais/inovacao-em-producao-de-conteudo","name":"Folha de São Paulo - Iniciativa TODAS - CE","isPartOf":{"@id":"https://www.aberje.com.br/ce/#website"},"primaryImageOfPage":{"@id":"https://www.aberje.com.br/ce/premio-aberje/2023/premios-especiais/inovacao-em-producao-de-conteudo#primaryimage"},"image":{"@id":"https://www.aberje.com.br/ce/premio-aberje/2023/premios-especiais/inovacao-em-producao-de-conteudo#primaryimage"},"thumbnailUrl":"https://www.aberje.com.br/ce/wp-content/uploads/2023/12/Iniciativa-TODAS-Folha.jpg","datePublished":"2023-12-11T14:17:23+00:00","dateModified":"2023-12-12T00:20:38+00:00","breadcrumb":{"@id":"https://www.aberje.com.br/ce/premio-aberje/2023/premios-especiais/inovacao-em-producao-de-conteudo#breadcrumb"},"inLanguage":"pt-BR","potentialAction":[{"@type":"ReadAction","target":["https://www.aberje.com.br/ce/premio-aberje/2023/premios-especiais/inovacao-em-producao-de-conteudo"]}]},{"@type":"ImageObject","inLanguage":"pt-BR","@id":"https://www.aberje.com.br/ce/premio-aberje/2023/premios-especiais/inovacao-em-producao-de-conteudo#primaryimage","url":"https://www.aberje.com.br/ce/wp-content/uploads/2023/12/Iniciativa-TODAS-Folha.jpg","contentUrl":"https://www.aberje.com.br/ce/wp-content/uploads/2023/12/Iniciativa-TODAS-Folha.jpg","width":2400,"height":1600},{"@type":"BreadcrumbList","@id":"https://www.aberje.com.br/ce/premio-aberje/2023/premios-especiais/inovacao-em-producao-de-conteudo#breadcrumb","itemListElement":[{"@type":"ListItem","position":1,"name":"Início","item":"https://www.aberje.com.br/ce/"},{"@type":"ListItem","position":2,"name":"Folha de São Paulo &#8211; Iniciativa TODAS"}]},{"@type":"WebSite","@id":"https://www.aberje.com.br/ce/#website","url":"https://www.aberje.com.br/ce/","name":"CE","description":"Revista Comunicação Empresarial","potentialAction":[{"@type":"SearchAction","target":{"@type":"EntryPoint","urlTemplate":"https://www.aberje.com.br/ce/?s={search_term_string}"},"query-input":{"@type":"PropertyValueSpecification","valueRequired":true,"valueName":"search_term_string"}}],"inLanguage":"pt-BR"}]}</script>
<!-- / Yoast SEO plugin. -->

Folha de São Paulo - Iniciativa TODAS - CE

A presença das mulheres nas áreas de comunicação – do jornalismo à comunicação corporativa – é dominante. Ainda assim, há desafios a se enfrentar. Neste sentido, a iniciativa TODAS, da Folha de S. Paulo, cumpre um importante papel na criação de espaços para vozes femininas e diversas, aumentando a cobertura de temas voltados às mulheres, &hellip; Continuar lendo Folha de São Paulo &#8211; Iniciativa TODAS

Início

Revista Comunicação Empresarial
