{"id":3841,"date":"2023-12-12T00:24:13","date_gmt":"2023-12-12T00:24:13","guid":{"rendered":"https:\/\/www.aberje.com.br\/ce\/?post_type=premiado-aberje&#038;p=3841"},"modified":"2023-12-12T00:24:13","modified_gmt":"2023-12-12T00:24:13","slug":"editora-globo","status":"publish","type":"premiado-aberje","link":"https:\/\/www.aberje.com.br\/ce\/premio-aberje\/2023\/premios-especiais\/midia-especializada","title":{"rendered":"Editora Globo"},"content":{"rendered":"<p>N\u00e3o existe planeta B. Essa ideia, que est\u00e1 inserida no Manifesto do empreendimento Um S\u00f3 Planeta, da Editora Globo, ganhou novas dimens\u00f5es nos \u00faltimos anos com o aumento da frequ\u00eancia de eventos clim\u00e1ticos extremos, sentidos em todos os cantos do mundo. A partir de uma alian\u00e7a que envolve diferentes publica\u00e7\u00f5es, e \u00e9 apoiada por importantes empresas, a Um S\u00f3 Planeta cumpre seu papel de maneira excelente na produ\u00e7\u00e3o de jornalismo combativo, promissor e direcionador.<\/p>\n<p>Pelo compromisso em promover pr\u00e1ticas sustent\u00e1veis que apoiam o combate a crise clim\u00e1tica <strong>o<\/strong> <strong>Pr\u00eamio M\u00eddia do Ano, na Categoria M\u00eddia Especializada, \u00e9 concedido ao projeto Um S\u00f3 Planeta, da Editora Globo. <\/strong><\/p>\n","protected":false},"excerpt":{"rendered":"<p>N\u00e3o existe planeta B. Essa ideia, que est\u00e1 inserida no Manifesto do empreendimento Um S\u00f3 Planeta, da Editora Globo, ganhou novas dimens\u00f5es nos \u00faltimos anos com o aumento da frequ\u00eancia de eventos clim\u00e1ticos extremos, sentidos em todos os cantos do mundo. A partir de uma alian\u00e7a que envolve diferentes publica\u00e7\u00f5es, e \u00e9 apoiada por importantes &hellip; <a href=\"https:\/\/www.aberje.com.br\/ce\/premio-aberje\/2023\/premios-especiais\/midia-especializada\" class=\"more-link\">Continuar lendo <span class=\"screen-reader-text\">Editora Globo<\/span><\/a><\/p>\n","protected":false},"featured_media":3842,"parent":0,"menu_order":0,"template":"","format":"standard","meta":{"_acf_changed":false,"footnotes":""},"categoria-premio":[60,57,52],"class_list":["post-3841","premiado-aberje","type-premiado-aberje","status-publish","format-standard","has-post-thumbnail","hentry","categoria-premio-midia-especializada","categoria-premio-midias-do-ano","categoria-premio-premios-especiais"],"acf":[],"yoast_head":"<!-- This site is optimized with the Yoast SEO plugin v25.3.1 - https:\/\/yoast.com\/wordpress\/plugins\/seo\/ -->\n<title>Editora Globo - CE<\/title>\n<meta name=\"robots\" content=\"index, follow, max-snippet:-1, max-image-preview:large, max-video-preview:-1\" \/>\n<link rel=\"canonical\" href=\"https:\/\/www.aberje.com.br\/ce\/premio-aberje\/2023\/premios-especiais\/midia-especializada\" \/>\n<meta property=\"og:locale\" content=\"pt_BR\" \/>\n<meta property=\"og:type\" content=\"article\" \/>\n<meta property=\"og:title\" content=\"Editora Globo - CE\" \/>\n<meta property=\"og:description\" content=\"N\u00e3o existe planeta B. Essa ideia, que est\u00e1 inserida no Manifesto do empreendimento Um S\u00f3 Planeta, da Editora Globo, ganhou novas dimens\u00f5es nos \u00faltimos anos com o aumento da frequ\u00eancia de eventos clim\u00e1ticos extremos, sentidos em todos os cantos do mundo. A partir de uma alian\u00e7a que envolve diferentes publica\u00e7\u00f5es, e \u00e9 apoiada por importantes &hellip; Continuar lendo Editora Globo\" \/>\n<meta property=\"og:url\" content=\"https:\/\/www.aberje.com.br\/ce\/premio-aberje\/2023\/premios-especiais\/midia-especializada\" \/>\n<meta property=\"og:site_name\" content=\"CE\" \/>\n<meta property=\"og:image\" content=\"https:\/\/www.aberje.com.br\/ce\/wp-content\/uploads\/2023\/12\/Um-so-planeta.jpg\" \/>\n\t<meta property=\"og:image:width\" content=\"400\" \/>\n\t<meta property=\"og:image:height\" content=\"400\" \/>\n\t<meta property=\"og:image:type\" content=\"image\/jpeg\" \/>\n<meta name=\"twitter:card\" content=\"summary_large_image\" \/>\n<meta name=\"twitter:label1\" content=\"Est. tempo de leitura\" \/>\n\t<meta name=\"twitter:data1\" content=\"1 minuto\" \/>\n<script type=\"application\/ld+json\" class=\"yoast-schema-graph\">{\"@context\":\"https:\/\/schema.org\",\"@graph\":[{\"@type\":\"WebPage\",\"@id\":\"https:\/\/www.aberje.com.br\/ce\/premio-aberje\/2023\/premios-especiais\/midia-especializada\",\"url\":\"https:\/\/www.aberje.com.br\/ce\/premio-aberje\/2023\/premios-especiais\/midia-especializada\",\"name\":\"Editora Globo - CE\",\"isPartOf\":{\"@id\":\"https:\/\/www.aberje.com.br\/ce\/#website\"},\"primaryImageOfPage\":{\"@id\":\"https:\/\/www.aberje.com.br\/ce\/premio-aberje\/2023\/premios-especiais\/midia-especializada#primaryimage\"},\"image\":{\"@id\":\"https:\/\/www.aberje.com.br\/ce\/premio-aberje\/2023\/premios-especiais\/midia-especializada#primaryimage\"},\"thumbnailUrl\":\"https:\/\/www.aberje.com.br\/ce\/wp-content\/uploads\/2023\/12\/Um-so-planeta.jpg\",\"datePublished\":\"2023-12-12T00:24:13+00:00\",\"breadcrumb\":{\"@id\":\"https:\/\/www.aberje.com.br\/ce\/premio-aberje\/2023\/premios-especiais\/midia-especializada#breadcrumb\"},\"inLanguage\":\"pt-BR\",\"potentialAction\":[{\"@type\":\"ReadAction\",\"target\":[\"https:\/\/www.aberje.com.br\/ce\/premio-aberje\/2023\/premios-especiais\/midia-especializada\"]}]},{\"@type\":\"ImageObject\",\"inLanguage\":\"pt-BR\",\"@id\":\"https:\/\/www.aberje.com.br\/ce\/premio-aberje\/2023\/premios-especiais\/midia-especializada#primaryimage\",\"url\":\"https:\/\/www.aberje.com.br\/ce\/wp-content\/uploads\/2023\/12\/Um-so-planeta.jpg\",\"contentUrl\":\"https:\/\/www.aberje.com.br\/ce\/wp-content\/uploads\/2023\/12\/Um-so-planeta.jpg\",\"width\":400,\"height\":400},{\"@type\":\"BreadcrumbList\",\"@id\":\"https:\/\/www.aberje.com.br\/ce\/premio-aberje\/2023\/premios-especiais\/midia-especializada#breadcrumb\",\"itemListElement\":[{\"@type\":\"ListItem\",\"position\":1,\"name\":\"In\u00edcio\",\"item\":\"https:\/\/www.aberje.com.br\/ce\/\"},{\"@type\":\"ListItem\",\"position\":2,\"name\":\"Editora Globo\"}]},{\"@type\":\"WebSite\",\"@id\":\"https:\/\/www.aberje.com.br\/ce\/#website\",\"url\":\"https:\/\/www.aberje.com.br\/ce\/\",\"name\":\"CE\",\"description\":\"Revista Comunica\u00e7\u00e3o Empresarial\",\"potentialAction\":[{\"@type\":\"SearchAction\",\"target\":{\"@type\":\"EntryPoint\",\"urlTemplate\":\"https:\/\/www.aberje.com.br\/ce\/?s={search_term_string}\"},\"query-input\":{\"@type\":\"PropertyValueSpecification\",\"valueRequired\":true,\"valueName\":\"search_term_string\"}}],\"inLanguage\":\"pt-BR\"}]}<\/script>\n<!-- \/ Yoast SEO plugin. -->","yoast_head_json":{"title":"Editora Globo - CE","robots":{"index":"index","follow":"follow","max-snippet":"max-snippet:-1","max-image-preview":"max-image-preview:large","max-video-preview":"max-video-preview:-1"},"canonical":"https:\/\/www.aberje.com.br\/ce\/premio-aberje\/2023\/premios-especiais\/midia-especializada","og_locale":"pt_BR","og_type":"article","og_title":"Editora Globo - CE","og_description":"N\u00e3o existe planeta B. Essa ideia, que est\u00e1 inserida no Manifesto do empreendimento Um S\u00f3 Planeta, da Editora Globo, ganhou novas dimens\u00f5es nos \u00faltimos anos com o aumento da frequ\u00eancia de eventos clim\u00e1ticos extremos, sentidos em todos os cantos do mundo. A partir de uma alian\u00e7a que envolve diferentes publica\u00e7\u00f5es, e \u00e9 apoiada por importantes &hellip; Continuar lendo Editora Globo","og_url":"https:\/\/www.aberje.com.br\/ce\/premio-aberje\/2023\/premios-especiais\/midia-especializada","og_site_name":"CE","og_image":[{"width":400,"height":400,"url":"https:\/\/www.aberje.com.br\/ce\/wp-content\/uploads\/2023\/12\/Um-so-planeta.jpg","type":"image\/jpeg"}],"twitter_card":"summary_large_image","twitter_misc":{"Est. tempo de leitura":"1 minuto"},"schema":{"@context":"https:\/\/schema.org","@graph":[{"@type":"WebPage","@id":"https:\/\/www.aberje.com.br\/ce\/premio-aberje\/2023\/premios-especiais\/midia-especializada","url":"https:\/\/www.aberje.com.br\/ce\/premio-aberje\/2023\/premios-especiais\/midia-especializada","name":"Editora Globo - CE","isPartOf":{"@id":"https:\/\/www.aberje.com.br\/ce\/#website"},"primaryImageOfPage":{"@id":"https:\/\/www.aberje.com.br\/ce\/premio-aberje\/2023\/premios-especiais\/midia-especializada#primaryimage"},"image":{"@id":"https:\/\/www.aberje.com.br\/ce\/premio-aberje\/2023\/premios-especiais\/midia-especializada#primaryimage"},"thumbnailUrl":"https:\/\/www.aberje.com.br\/ce\/wp-content\/uploads\/2023\/12\/Um-so-planeta.jpg","datePublished":"2023-12-12T00:24:13+00:00","breadcrumb":{"@id":"https:\/\/www.aberje.com.br\/ce\/premio-aberje\/2023\/premios-especiais\/midia-especializada#breadcrumb"},"inLanguage":"pt-BR","potentialAction":[{"@type":"ReadAction","target":["https:\/\/www.aberje.com.br\/ce\/premio-aberje\/2023\/premios-especiais\/midia-especializada"]}]},{"@type":"ImageObject","inLanguage":"pt-BR","@id":"https:\/\/www.aberje.com.br\/ce\/premio-aberje\/2023\/premios-especiais\/midia-especializada#primaryimage","url":"https:\/\/www.aberje.com.br\/ce\/wp-content\/uploads\/2023\/12\/Um-so-planeta.jpg","contentUrl":"https:\/\/www.aberje.com.br\/ce\/wp-content\/uploads\/2023\/12\/Um-so-planeta.jpg","width":400,"height":400},{"@type":"BreadcrumbList","@id":"https:\/\/www.aberje.com.br\/ce\/premio-aberje\/2023\/premios-especiais\/midia-especializada#breadcrumb","itemListElement":[{"@type":"ListItem","position":1,"name":"In\u00edcio","item":"https:\/\/www.aberje.com.br\/ce\/"},{"@type":"ListItem","position":2,"name":"Editora Globo"}]},{"@type":"WebSite","@id":"https:\/\/www.aberje.com.br\/ce\/#website","url":"https:\/\/www.aberje.com.br\/ce\/","name":"CE","description":"Revista Comunica\u00e7\u00e3o Empresarial","potentialAction":[{"@type":"SearchAction","target":{"@type":"EntryPoint","urlTemplate":"https:\/\/www.aberje.com.br\/ce\/?s={search_term_string}"},"query-input":{"@type":"PropertyValueSpecification","valueRequired":true,"valueName":"search_term_string"}}],"inLanguage":"pt-BR"}]}},"_links":{"self":[{"href":"https:\/\/www.aberje.com.br\/ce\/wp-json\/wp\/v2\/premiado-aberje\/3841","targetHints":{"allow":["GET"]}}],"collection":[{"href":"https:\/\/www.aberje.com.br\/ce\/wp-json\/wp\/v2\/premiado-aberje"}],"about":[{"href":"https:\/\/www.aberje.com.br\/ce\/wp-json\/wp\/v2\/types\/premiado-aberje"}],"version-history":[{"count":3,"href":"https:\/\/www.aberje.com.br\/ce\/wp-json\/wp\/v2\/premiado-aberje\/3841\/revisions"}],"predecessor-version":[{"id":3964,"href":"https:\/\/www.aberje.com.br\/ce\/wp-json\/wp\/v2\/premiado-aberje\/3841\/revisions\/3964"}],"wp:featuredmedia":[{"embeddable":true,"href":"https:\/\/www.aberje.com.br\/ce\/wp-json\/wp\/v2\/media\/3842"}],"wp:attachment":[{"href":"https:\/\/www.aberje.com.br\/ce\/wp-json\/wp\/v2\/media?parent=3841"}],"wp:term":[{"taxonomy":"categoria-premio","embeddable":true,"href":"https:\/\/www.aberje.com.br\/ce\/wp-json\/wp\/v2\/categoria-premio?post=3841"}],"curies":[{"name":"wp","href":"https:\/\/api.w.org\/{rel}","templated":true}]}}

<p>Não existe planeta B. Essa ideia, que está inserida no Manifesto do empreendimento Um Só Planeta, da Editora Globo, ganhou novas dimensões nos últimos anos com o aumento da frequência de eventos climáticos extremos, sentidos em todos os cantos do mundo. A partir de uma aliança que envolve diferentes publicações, e é apoiada por importantes empresas, a Um Só Planeta cumpre seu papel de maneira excelente na produção de jornalismo combativo, promissor e direcionador.</p>
<p>Pelo compromisso em promover práticas sustentáveis que apoiam o combate a crise climática <strong>o</strong> <strong>Prêmio Mídia do Ano, na Categoria Mídia Especializada, é concedido ao projeto Um Só Planeta, da Editora Globo. </strong></p>

<p>Não existe planeta B. Essa ideia, que está inserida no Manifesto do empreendimento Um Só Planeta, da Editora Globo, ganhou novas dimensões nos últimos anos com o aumento da frequência de eventos climáticos extremos, sentidos em todos os cantos do mundo. A partir de uma aliança que envolve diferentes publicações, e é apoiada por importantes &hellip; <a href="https://www.aberje.com.br/ce/premio-aberje/2023/premios-especiais/midia-especializada" class="more-link">Continuar lendo <span class="screen-reader-text">Editora Globo</span></a></p>

<!-- This site is optimized with the Yoast SEO plugin v25.3.1 - https://yoast.com/wordpress/plugins/seo/ -->
<title>Editora Globo - CE</title>
<meta name="robots" content="index, follow, max-snippet:-1, max-image-preview:large, max-video-preview:-1" />
<link rel="canonical" href="https://www.aberje.com.br/ce/premio-aberje/2023/premios-especiais/midia-especializada" />
<meta property="og:locale" content="pt_BR" />
<meta property="og:type" content="article" />
<meta property="og:title" content="Editora Globo - CE" />
<meta property="og:description" content="Não existe planeta B. Essa ideia, que está inserida no Manifesto do empreendimento Um Só Planeta, da Editora Globo, ganhou novas dimensões nos últimos anos com o aumento da frequência de eventos climáticos extremos, sentidos em todos os cantos do mundo. A partir de uma aliança que envolve diferentes publicações, e é apoiada por importantes &hellip; Continuar lendo Editora Globo" />
<meta property="og:url" content="https://www.aberje.com.br/ce/premio-aberje/2023/premios-especiais/midia-especializada" />
<meta property="og:site_name" content="CE" />
<meta property="og:image" content="https://www.aberje.com.br/ce/wp-content/uploads/2023/12/Um-so-planeta.jpg" />
	<meta property="og:image:width" content="400" />
	<meta property="og:image:height" content="400" />
	<meta property="og:image:type" content="image/jpeg" />
<meta name="twitter:card" content="summary_large_image" />
<meta name="twitter:label1" content="Est. tempo de leitura" />
	<meta name="twitter:data1" content="1 minuto" />
<script type="application/ld+json" class="yoast-schema-graph">{"@context":"https://schema.org","@graph":[{"@type":"WebPage","@id":"https://www.aberje.com.br/ce/premio-aberje/2023/premios-especiais/midia-especializada","url":"https://www.aberje.com.br/ce/premio-aberje/2023/premios-especiais/midia-especializada","name":"Editora Globo - CE","isPartOf":{"@id":"https://www.aberje.com.br/ce/#website"},"primaryImageOfPage":{"@id":"https://www.aberje.com.br/ce/premio-aberje/2023/premios-especiais/midia-especializada#primaryimage"},"image":{"@id":"https://www.aberje.com.br/ce/premio-aberje/2023/premios-especiais/midia-especializada#primaryimage"},"thumbnailUrl":"https://www.aberje.com.br/ce/wp-content/uploads/2023/12/Um-so-planeta.jpg","datePublished":"2023-12-12T00:24:13+00:00","breadcrumb":{"@id":"https://www.aberje.com.br/ce/premio-aberje/2023/premios-especiais/midia-especializada#breadcrumb"},"inLanguage":"pt-BR","potentialAction":[{"@type":"ReadAction","target":["https://www.aberje.com.br/ce/premio-aberje/2023/premios-especiais/midia-especializada"]}]},{"@type":"ImageObject","inLanguage":"pt-BR","@id":"https://www.aberje.com.br/ce/premio-aberje/2023/premios-especiais/midia-especializada#primaryimage","url":"https://www.aberje.com.br/ce/wp-content/uploads/2023/12/Um-so-planeta.jpg","contentUrl":"https://www.aberje.com.br/ce/wp-content/uploads/2023/12/Um-so-planeta.jpg","width":400,"height":400},{"@type":"BreadcrumbList","@id":"https://www.aberje.com.br/ce/premio-aberje/2023/premios-especiais/midia-especializada#breadcrumb","itemListElement":[{"@type":"ListItem","position":1,"name":"Início","item":"https://www.aberje.com.br/ce/"},{"@type":"ListItem","position":2,"name":"Editora Globo"}]},{"@type":"WebSite","@id":"https://www.aberje.com.br/ce/#website","url":"https://www.aberje.com.br/ce/","name":"CE","description":"Revista Comunicação Empresarial","potentialAction":[{"@type":"SearchAction","target":{"@type":"EntryPoint","urlTemplate":"https://www.aberje.com.br/ce/?s={search_term_string}"},"query-input":{"@type":"PropertyValueSpecification","valueRequired":true,"valueName":"search_term_string"}}],"inLanguage":"pt-BR"}]}</script>
<!-- / Yoast SEO plugin. -->

Não existe planeta B. Essa ideia, que está inserida no Manifesto do empreendimento Um Só Planeta, da Editora Globo, ganhou novas dimensões nos últimos anos com o aumento da frequência de eventos climáticos extremos, sentidos em todos os cantos do mundo. A partir de uma aliança que envolve diferentes publicações, e é apoiada por importantes &hellip; Continuar lendo Editora Globo

Início

Revista Comunicação Empresarial
