{"id":3836,"date":"2023-12-12T00:21:56","date_gmt":"2023-12-12T00:21:56","guid":{"rendered":"https:\/\/www.aberje.com.br\/ce\/?post_type=premiado-aberje&#038;p=3836"},"modified":"2023-12-12T00:21:56","modified_gmt":"2023-12-12T00:21:56","slug":"valor-economico-caderno-eu","status":"publish","type":"premiado-aberje","link":"https:\/\/www.aberje.com.br\/ce\/premio-aberje\/2023\/premios-especiais\/jornal-impresso","title":{"rendered":"Valor Econ\u00f4mico &#8211; Caderno Eu&#038;"},"content":{"rendered":"<p style=\"line-height: 115%; background: white; vertical-align: baseline; margin: 0cm 0cm 15.0pt 0cm;\"><span style=\"font-size: 12.0pt; line-height: 115%; font-family: 'Arial',sans-serif; color: black;\">A \u00eanfase no pilar Social do ESG \u00e9 de suma import\u00e2ncia em pa\u00edses como Brasil, e \u00e9 tamb\u00e9m onde grande parte das empresas desenvolvem seus projetos de responsabilidade social. Como parte integrante do mundo comunicacional e principal fonte de informa\u00e7\u00f5es dos principais executivos do pa\u00eds, o jornal acerta em valorizar cada vez mais o Caderno EU&amp;, apostando na forma\u00e7\u00e3o cultural de executivos, com sensibilidade, olhar apurado e forma excelente, o caderno vem sendo uma refer\u00eancia para toda a comunidade. <\/span><\/p>\n<p style=\"line-height: 115%; background: white; vertical-align: baseline; margin: 0cm 0cm 15.0pt 0cm;\"><span style=\"font-size: 12.0pt; line-height: 115%; font-family: 'Arial',sans-serif; color: black;\">Pela excel\u00eancia do conte\u00fado e valoriza\u00e7\u00e3o da cultura como pilar importante do dia a dia das empresas, <b>o Pr\u00eamio M\u00eddia do Ano, na Categoria Jornal, \u00e9 concedido ao jornal Caderno EU&amp; do jornal Valor Econ\u00f4mico. <\/b><\/span><\/p>\n","protected":false},"excerpt":{"rendered":"<p>A \u00eanfase no pilar Social do ESG \u00e9 de suma import\u00e2ncia em pa\u00edses como Brasil, e \u00e9 tamb\u00e9m onde grande parte das empresas desenvolvem seus projetos de responsabilidade social. Como parte integrante do mundo comunicacional e principal fonte de informa\u00e7\u00f5es dos principais executivos do pa\u00eds, o jornal acerta em valorizar cada vez mais o Caderno &hellip; <a href=\"https:\/\/www.aberje.com.br\/ce\/premio-aberje\/2023\/premios-especiais\/jornal-impresso\" class=\"more-link\">Continuar lendo <span class=\"screen-reader-text\">Valor Econ\u00f4mico &#8211; Caderno Eu&#038;<\/span><\/a><\/p>\n","protected":false},"featured_media":680,"parent":0,"menu_order":0,"template":"","format":"standard","meta":{"_acf_changed":false,"footnotes":""},"categoria-premio":[58,57,52],"class_list":["post-3836","premiado-aberje","type-premiado-aberje","status-publish","format-standard","has-post-thumbnail","hentry","categoria-premio-jornal-impresso","categoria-premio-midias-do-ano","categoria-premio-premios-especiais"],"acf":[],"yoast_head":"<!-- This site is optimized with the Yoast SEO plugin v25.3.1 - https:\/\/yoast.com\/wordpress\/plugins\/seo\/ -->\n<title>Valor Econ\u00f4mico - Caderno Eu&amp; - CE<\/title>\n<meta name=\"robots\" content=\"index, follow, max-snippet:-1, max-image-preview:large, max-video-preview:-1\" \/>\n<link rel=\"canonical\" href=\"https:\/\/www.aberje.com.br\/ce\/premio-aberje\/2023\/premios-especiais\/jornal-impresso\" \/>\n<meta property=\"og:locale\" content=\"pt_BR\" \/>\n<meta property=\"og:type\" content=\"article\" \/>\n<meta property=\"og:title\" content=\"Valor Econ\u00f4mico - Caderno Eu&amp; - CE\" \/>\n<meta property=\"og:description\" content=\"A \u00eanfase no pilar Social do ESG \u00e9 de suma import\u00e2ncia em pa\u00edses como Brasil, e \u00e9 tamb\u00e9m onde grande parte das empresas desenvolvem seus projetos de responsabilidade social. Como parte integrante do mundo comunicacional e principal fonte de informa\u00e7\u00f5es dos principais executivos do pa\u00eds, o jornal acerta em valorizar cada vez mais o Caderno &hellip; Continuar lendo Valor Econ\u00f4mico &#8211; Caderno Eu&#038;\" \/>\n<meta property=\"og:url\" content=\"https:\/\/www.aberje.com.br\/ce\/premio-aberje\/2023\/premios-especiais\/jornal-impresso\" \/>\n<meta property=\"og:site_name\" content=\"CE\" \/>\n<meta property=\"og:image\" content=\"https:\/\/www.aberje.com.br\/ce\/wp-content\/uploads\/2021\/04\/valor_economico.png\" \/>\n\t<meta property=\"og:image:width\" content=\"500\" \/>\n\t<meta property=\"og:image:height\" content=\"308\" \/>\n\t<meta property=\"og:image:type\" content=\"image\/png\" \/>\n<meta name=\"twitter:card\" content=\"summary_large_image\" \/>\n<meta name=\"twitter:label1\" content=\"Est. tempo de leitura\" \/>\n\t<meta name=\"twitter:data1\" content=\"1 minuto\" \/>\n<script type=\"application\/ld+json\" class=\"yoast-schema-graph\">{\"@context\":\"https:\/\/schema.org\",\"@graph\":[{\"@type\":\"WebPage\",\"@id\":\"https:\/\/www.aberje.com.br\/ce\/premio-aberje\/2023\/premios-especiais\/jornal-impresso\",\"url\":\"https:\/\/www.aberje.com.br\/ce\/premio-aberje\/2023\/premios-especiais\/jornal-impresso\",\"name\":\"Valor Econ\u00f4mico - Caderno Eu& - CE\",\"isPartOf\":{\"@id\":\"https:\/\/www.aberje.com.br\/ce\/#website\"},\"primaryImageOfPage\":{\"@id\":\"https:\/\/www.aberje.com.br\/ce\/premio-aberje\/2023\/premios-especiais\/jornal-impresso#primaryimage\"},\"image\":{\"@id\":\"https:\/\/www.aberje.com.br\/ce\/premio-aberje\/2023\/premios-especiais\/jornal-impresso#primaryimage\"},\"thumbnailUrl\":\"https:\/\/www.aberje.com.br\/ce\/wp-content\/uploads\/2021\/04\/valor_economico.png\",\"datePublished\":\"2023-12-12T00:21:56+00:00\",\"breadcrumb\":{\"@id\":\"https:\/\/www.aberje.com.br\/ce\/premio-aberje\/2023\/premios-especiais\/jornal-impresso#breadcrumb\"},\"inLanguage\":\"pt-BR\",\"potentialAction\":[{\"@type\":\"ReadAction\",\"target\":[\"https:\/\/www.aberje.com.br\/ce\/premio-aberje\/2023\/premios-especiais\/jornal-impresso\"]}]},{\"@type\":\"ImageObject\",\"inLanguage\":\"pt-BR\",\"@id\":\"https:\/\/www.aberje.com.br\/ce\/premio-aberje\/2023\/premios-especiais\/jornal-impresso#primaryimage\",\"url\":\"https:\/\/www.aberje.com.br\/ce\/wp-content\/uploads\/2021\/04\/valor_economico.png\",\"contentUrl\":\"https:\/\/www.aberje.com.br\/ce\/wp-content\/uploads\/2021\/04\/valor_economico.png\",\"width\":500,\"height\":308},{\"@type\":\"BreadcrumbList\",\"@id\":\"https:\/\/www.aberje.com.br\/ce\/premio-aberje\/2023\/premios-especiais\/jornal-impresso#breadcrumb\",\"itemListElement\":[{\"@type\":\"ListItem\",\"position\":1,\"name\":\"In\u00edcio\",\"item\":\"https:\/\/www.aberje.com.br\/ce\/\"},{\"@type\":\"ListItem\",\"position\":2,\"name\":\"Valor Econ\u00f4mico &#8211; Caderno Eu&#038;\"}]},{\"@type\":\"WebSite\",\"@id\":\"https:\/\/www.aberje.com.br\/ce\/#website\",\"url\":\"https:\/\/www.aberje.com.br\/ce\/\",\"name\":\"CE\",\"description\":\"Revista Comunica\u00e7\u00e3o Empresarial\",\"potentialAction\":[{\"@type\":\"SearchAction\",\"target\":{\"@type\":\"EntryPoint\",\"urlTemplate\":\"https:\/\/www.aberje.com.br\/ce\/?s={search_term_string}\"},\"query-input\":{\"@type\":\"PropertyValueSpecification\",\"valueRequired\":true,\"valueName\":\"search_term_string\"}}],\"inLanguage\":\"pt-BR\"}]}<\/script>\n<!-- \/ Yoast SEO plugin. -->","yoast_head_json":{"title":"Valor Econ\u00f4mico - Caderno Eu& - CE","robots":{"index":"index","follow":"follow","max-snippet":"max-snippet:-1","max-image-preview":"max-image-preview:large","max-video-preview":"max-video-preview:-1"},"canonical":"https:\/\/www.aberje.com.br\/ce\/premio-aberje\/2023\/premios-especiais\/jornal-impresso","og_locale":"pt_BR","og_type":"article","og_title":"Valor Econ\u00f4mico - Caderno Eu& - CE","og_description":"A \u00eanfase no pilar Social do ESG \u00e9 de suma import\u00e2ncia em pa\u00edses como Brasil, e \u00e9 tamb\u00e9m onde grande parte das empresas desenvolvem seus projetos de responsabilidade social. Como parte integrante do mundo comunicacional e principal fonte de informa\u00e7\u00f5es dos principais executivos do pa\u00eds, o jornal acerta em valorizar cada vez mais o Caderno &hellip; Continuar lendo Valor Econ\u00f4mico &#8211; Caderno Eu&#038;","og_url":"https:\/\/www.aberje.com.br\/ce\/premio-aberje\/2023\/premios-especiais\/jornal-impresso","og_site_name":"CE","og_image":[{"width":500,"height":308,"url":"https:\/\/www.aberje.com.br\/ce\/wp-content\/uploads\/2021\/04\/valor_economico.png","type":"image\/png"}],"twitter_card":"summary_large_image","twitter_misc":{"Est. tempo de leitura":"1 minuto"},"schema":{"@context":"https:\/\/schema.org","@graph":[{"@type":"WebPage","@id":"https:\/\/www.aberje.com.br\/ce\/premio-aberje\/2023\/premios-especiais\/jornal-impresso","url":"https:\/\/www.aberje.com.br\/ce\/premio-aberje\/2023\/premios-especiais\/jornal-impresso","name":"Valor Econ\u00f4mico - Caderno Eu& - CE","isPartOf":{"@id":"https:\/\/www.aberje.com.br\/ce\/#website"},"primaryImageOfPage":{"@id":"https:\/\/www.aberje.com.br\/ce\/premio-aberje\/2023\/premios-especiais\/jornal-impresso#primaryimage"},"image":{"@id":"https:\/\/www.aberje.com.br\/ce\/premio-aberje\/2023\/premios-especiais\/jornal-impresso#primaryimage"},"thumbnailUrl":"https:\/\/www.aberje.com.br\/ce\/wp-content\/uploads\/2021\/04\/valor_economico.png","datePublished":"2023-12-12T00:21:56+00:00","breadcrumb":{"@id":"https:\/\/www.aberje.com.br\/ce\/premio-aberje\/2023\/premios-especiais\/jornal-impresso#breadcrumb"},"inLanguage":"pt-BR","potentialAction":[{"@type":"ReadAction","target":["https:\/\/www.aberje.com.br\/ce\/premio-aberje\/2023\/premios-especiais\/jornal-impresso"]}]},{"@type":"ImageObject","inLanguage":"pt-BR","@id":"https:\/\/www.aberje.com.br\/ce\/premio-aberje\/2023\/premios-especiais\/jornal-impresso#primaryimage","url":"https:\/\/www.aberje.com.br\/ce\/wp-content\/uploads\/2021\/04\/valor_economico.png","contentUrl":"https:\/\/www.aberje.com.br\/ce\/wp-content\/uploads\/2021\/04\/valor_economico.png","width":500,"height":308},{"@type":"BreadcrumbList","@id":"https:\/\/www.aberje.com.br\/ce\/premio-aberje\/2023\/premios-especiais\/jornal-impresso#breadcrumb","itemListElement":[{"@type":"ListItem","position":1,"name":"In\u00edcio","item":"https:\/\/www.aberje.com.br\/ce\/"},{"@type":"ListItem","position":2,"name":"Valor Econ\u00f4mico &#8211; Caderno Eu&#038;"}]},{"@type":"WebSite","@id":"https:\/\/www.aberje.com.br\/ce\/#website","url":"https:\/\/www.aberje.com.br\/ce\/","name":"CE","description":"Revista Comunica\u00e7\u00e3o Empresarial","potentialAction":[{"@type":"SearchAction","target":{"@type":"EntryPoint","urlTemplate":"https:\/\/www.aberje.com.br\/ce\/?s={search_term_string}"},"query-input":{"@type":"PropertyValueSpecification","valueRequired":true,"valueName":"search_term_string"}}],"inLanguage":"pt-BR"}]}},"_links":{"self":[{"href":"https:\/\/www.aberje.com.br\/ce\/wp-json\/wp\/v2\/premiado-aberje\/3836","targetHints":{"allow":["GET"]}}],"collection":[{"href":"https:\/\/www.aberje.com.br\/ce\/wp-json\/wp\/v2\/premiado-aberje"}],"about":[{"href":"https:\/\/www.aberje.com.br\/ce\/wp-json\/wp\/v2\/types\/premiado-aberje"}],"version-history":[{"count":4,"href":"https:\/\/www.aberje.com.br\/ce\/wp-json\/wp\/v2\/premiado-aberje\/3836\/revisions"}],"predecessor-version":[{"id":3970,"href":"https:\/\/www.aberje.com.br\/ce\/wp-json\/wp\/v2\/premiado-aberje\/3836\/revisions\/3970"}],"wp:featuredmedia":[{"embeddable":true,"href":"https:\/\/www.aberje.com.br\/ce\/wp-json\/wp\/v2\/media\/680"}],"wp:attachment":[{"href":"https:\/\/www.aberje.com.br\/ce\/wp-json\/wp\/v2\/media?parent=3836"}],"wp:term":[{"taxonomy":"categoria-premio","embeddable":true,"href":"https:\/\/www.aberje.com.br\/ce\/wp-json\/wp\/v2\/categoria-premio?post=3836"}],"curies":[{"name":"wp","href":"https:\/\/api.w.org\/{rel}","templated":true}]}}

Valor Econômico &#8211; Caderno Eu&#038;

<p style="line-height: 115%; background: white; vertical-align: baseline; margin: 0cm 0cm 15.0pt 0cm;"><span style="font-size: 12.0pt; line-height: 115%; font-family: 'Arial',sans-serif; color: black;">A ênfase no pilar Social do ESG é de suma importância em países como Brasil, e é também onde grande parte das empresas desenvolvem seus projetos de responsabilidade social. Como parte integrante do mundo comunicacional e principal fonte de informações dos principais executivos do país, o jornal acerta em valorizar cada vez mais o Caderno EU&amp;, apostando na formação cultural de executivos, com sensibilidade, olhar apurado e forma excelente, o caderno vem sendo uma referência para toda a comunidade. </span></p>
<p style="line-height: 115%; background: white; vertical-align: baseline; margin: 0cm 0cm 15.0pt 0cm;"><span style="font-size: 12.0pt; line-height: 115%; font-family: 'Arial',sans-serif; color: black;">Pela excelência do conteúdo e valorização da cultura como pilar importante do dia a dia das empresas, <b>o Prêmio Mídia do Ano, na Categoria Jornal, é concedido ao jornal Caderno EU&amp; do jornal Valor Econômico. </b></span></p>

<p>A ênfase no pilar Social do ESG é de suma importância em países como Brasil, e é também onde grande parte das empresas desenvolvem seus projetos de responsabilidade social. Como parte integrante do mundo comunicacional e principal fonte de informações dos principais executivos do país, o jornal acerta em valorizar cada vez mais o Caderno &hellip; <a href="https://www.aberje.com.br/ce/premio-aberje/2023/premios-especiais/jornal-impresso" class="more-link">Continuar lendo <span class="screen-reader-text">Valor Econômico &#8211; Caderno Eu&#038;</span></a></p>

<!-- This site is optimized with the Yoast SEO plugin v25.3.1 - https://yoast.com/wordpress/plugins/seo/ -->
<title>Valor Econômico - Caderno Eu&amp; - CE</title>
<meta name="robots" content="index, follow, max-snippet:-1, max-image-preview:large, max-video-preview:-1" />
<link rel="canonical" href="https://www.aberje.com.br/ce/premio-aberje/2023/premios-especiais/jornal-impresso" />
<meta property="og:locale" content="pt_BR" />
<meta property="og:type" content="article" />
<meta property="og:title" content="Valor Econômico - Caderno Eu&amp; - CE" />
<meta property="og:description" content="A ênfase no pilar Social do ESG é de suma importância em países como Brasil, e é também onde grande parte das empresas desenvolvem seus projetos de responsabilidade social. Como parte integrante do mundo comunicacional e principal fonte de informações dos principais executivos do país, o jornal acerta em valorizar cada vez mais o Caderno &hellip; Continuar lendo Valor Econômico &#8211; Caderno Eu&#038;" />
<meta property="og:url" content="https://www.aberje.com.br/ce/premio-aberje/2023/premios-especiais/jornal-impresso" />
<meta property="og:site_name" content="CE" />
<meta property="og:image" content="https://www.aberje.com.br/ce/wp-content/uploads/2021/04/valor_economico.png" />
	<meta property="og:image:width" content="500" />
	<meta property="og:image:height" content="308" />
	<meta property="og:image:type" content="image/png" />
<meta name="twitter:card" content="summary_large_image" />
<meta name="twitter:label1" content="Est. tempo de leitura" />
	<meta name="twitter:data1" content="1 minuto" />
<script type="application/ld+json" class="yoast-schema-graph">{"@context":"https://schema.org","@graph":[{"@type":"WebPage","@id":"https://www.aberje.com.br/ce/premio-aberje/2023/premios-especiais/jornal-impresso","url":"https://www.aberje.com.br/ce/premio-aberje/2023/premios-especiais/jornal-impresso","name":"Valor Econômico - Caderno Eu& - CE","isPartOf":{"@id":"https://www.aberje.com.br/ce/#website"},"primaryImageOfPage":{"@id":"https://www.aberje.com.br/ce/premio-aberje/2023/premios-especiais/jornal-impresso#primaryimage"},"image":{"@id":"https://www.aberje.com.br/ce/premio-aberje/2023/premios-especiais/jornal-impresso#primaryimage"},"thumbnailUrl":"https://www.aberje.com.br/ce/wp-content/uploads/2021/04/valor_economico.png","datePublished":"2023-12-12T00:21:56+00:00","breadcrumb":{"@id":"https://www.aberje.com.br/ce/premio-aberje/2023/premios-especiais/jornal-impresso#breadcrumb"},"inLanguage":"pt-BR","potentialAction":[{"@type":"ReadAction","target":["https://www.aberje.com.br/ce/premio-aberje/2023/premios-especiais/jornal-impresso"]}]},{"@type":"ImageObject","inLanguage":"pt-BR","@id":"https://www.aberje.com.br/ce/premio-aberje/2023/premios-especiais/jornal-impresso#primaryimage","url":"https://www.aberje.com.br/ce/wp-content/uploads/2021/04/valor_economico.png","contentUrl":"https://www.aberje.com.br/ce/wp-content/uploads/2021/04/valor_economico.png","width":500,"height":308},{"@type":"BreadcrumbList","@id":"https://www.aberje.com.br/ce/premio-aberje/2023/premios-especiais/jornal-impresso#breadcrumb","itemListElement":[{"@type":"ListItem","position":1,"name":"Início","item":"https://www.aberje.com.br/ce/"},{"@type":"ListItem","position":2,"name":"Valor Econômico &#8211; Caderno Eu&#038;"}]},{"@type":"WebSite","@id":"https://www.aberje.com.br/ce/#website","url":"https://www.aberje.com.br/ce/","name":"CE","description":"Revista Comunicação Empresarial","potentialAction":[{"@type":"SearchAction","target":{"@type":"EntryPoint","urlTemplate":"https://www.aberje.com.br/ce/?s={search_term_string}"},"query-input":{"@type":"PropertyValueSpecification","valueRequired":true,"valueName":"search_term_string"}}],"inLanguage":"pt-BR"}]}</script>
<!-- / Yoast SEO plugin. -->

Valor Econômico - Caderno Eu& - CE

A ênfase no pilar Social do ESG é de suma importância em países como Brasil, e é também onde grande parte das empresas desenvolvem seus projetos de responsabilidade social. Como parte integrante do mundo comunicacional e principal fonte de informações dos principais executivos do país, o jornal acerta em valorizar cada vez mais o Caderno &hellip; Continuar lendo Valor Econômico &#8211; Caderno Eu&#038;

Início

Revista Comunicação Empresarial
