{"id":3832,"date":"2023-12-11T13:36:28","date_gmt":"2023-12-11T13:36:28","guid":{"rendered":"https:\/\/www.aberje.com.br\/ce\/?post_type=premiado-aberje&#038;p=3832"},"modified":"2023-12-12T00:28:14","modified_gmt":"2023-12-12T00:28:14","slug":"conferencia-internacional-da-amazonia-e-novas-economias","status":"publish","type":"premiado-aberje","link":"https:\/\/www.aberje.com.br\/ce\/premio-aberje\/2023\/premios-especiais\/comunicacao-da-amazonia\/","title":{"rendered":"Confer\u00eancia Internacional da Amaz\u00f4nia e Novas Economias"},"content":{"rendered":"<p>A Amaz\u00f4nia se tornou um novo centro do mundo. E quando a aten\u00e7\u00e3o se torna muito grande, \u00e9 preciso criar novos espa\u00e7os de discuss\u00e3o. Este \u00e9 o caso da Confer\u00eancia Internacional Amaz\u00f4nia e Novas Economias, promovido este ano em Bel\u00e9m, no Par\u00e1, pelo Instituto Brasileiro de Minera\u00e7\u00e3o. O projeto, que j\u00e1 possui confirma\u00e7\u00e3o de uma segunda edi\u00e7\u00e3o, obteve \u00eaxito em reunir vozes plurais e representativas de dentro e fora da Amaz\u00f4nia, das mais diversas \u00e1reas do conhecimento e dos diversos grupos locais, expondo com clareza e seguran\u00e7a suas preocupa\u00e7\u00f5es, interesses e estrat\u00e9gias para garantir o desenvolvimento sustent\u00e1vel da regi\u00e3o, unindo setor produtivo, representantes de governo e terceiro setor, considerando a cultura e comunica\u00e7\u00e3o como partes essenciais deste processo.<\/p>\n<p>Por criar espa\u00e7os de di\u00e1logos de excel\u00eancia, em formato e conte\u00fado inovadores, discutindo seriamente a regi\u00e3o amaz\u00f4nica e ouvindo as diversas vozes existentes, <strong>a Aberje concede \u00e0 Confer\u00eancia Internacional Amaz\u00f4nia e Novas Economias, do IBRAM, o Pr\u00eamio Especial Comunica\u00e7\u00e3o da Amaz\u00f4nia.<\/strong><\/p>\n","protected":false},"excerpt":{"rendered":"<p>A Amaz\u00f4nia se tornou um novo centro do mundo. E quando a aten\u00e7\u00e3o se torna muito grande, \u00e9 preciso criar novos espa\u00e7os de discuss\u00e3o. Este \u00e9 o caso da Confer\u00eancia Internacional Amaz\u00f4nia e Novas Economias, promovido este ano em Bel\u00e9m, no Par\u00e1, pelo Instituto Brasileiro de Minera\u00e7\u00e3o. O projeto, que j\u00e1 possui confirma\u00e7\u00e3o de uma &hellip; <a href=\"https:\/\/www.aberje.com.br\/ce\/premio-aberje\/2023\/premios-especiais\/comunicacao-da-amazonia\/\" class=\"more-link\">Continuar lendo <span class=\"screen-reader-text\">Confer\u00eancia Internacional da Amaz\u00f4nia e Novas Economias<\/span><\/a><\/p>\n","protected":false},"featured_media":3834,"parent":0,"menu_order":0,"template":"","format":"standard","meta":{"_acf_changed":false,"footnotes":""},"categoria-premio":[62,57,52],"class_list":["post-3832","premiado-aberje","type-premiado-aberje","status-publish","format-standard","has-post-thumbnail","hentry","categoria-premio-comunicacao-da-amazonia","categoria-premio-midias-do-ano","categoria-premio-premios-especiais"],"acf":[],"yoast_head":"<!-- This site is optimized with the Yoast SEO plugin v25.3.1 - https:\/\/yoast.com\/wordpress\/plugins\/seo\/ -->\n<title>Confer\u00eancia Internacional da Amaz\u00f4nia e Novas Economias - CE<\/title>\n<meta name=\"robots\" content=\"index, follow, max-snippet:-1, max-image-preview:large, max-video-preview:-1\" \/>\n<link rel=\"canonical\" href=\"https:\/\/www.aberje.com.br\/ce\/premio-aberje\/2023\/premios-especiais\/comunicacao-da-amazonia\/\" \/>\n<meta property=\"og:locale\" content=\"pt_BR\" \/>\n<meta property=\"og:type\" content=\"article\" \/>\n<meta property=\"og:title\" content=\"Confer\u00eancia Internacional da Amaz\u00f4nia e Novas Economias - CE\" \/>\n<meta property=\"og:description\" content=\"A Amaz\u00f4nia se tornou um novo centro do mundo. E quando a aten\u00e7\u00e3o se torna muito grande, \u00e9 preciso criar novos espa\u00e7os de discuss\u00e3o. Este \u00e9 o caso da Confer\u00eancia Internacional Amaz\u00f4nia e Novas Economias, promovido este ano em Bel\u00e9m, no Par\u00e1, pelo Instituto Brasileiro de Minera\u00e7\u00e3o. O projeto, que j\u00e1 possui confirma\u00e7\u00e3o de uma &hellip; Continuar lendo Confer\u00eancia Internacional da Amaz\u00f4nia e Novas Economias\" \/>\n<meta property=\"og:url\" content=\"https:\/\/www.aberje.com.br\/ce\/premio-aberje\/2023\/premios-especiais\/comunicacao-da-amazonia\/\" \/>\n<meta property=\"og:site_name\" content=\"CE\" \/>\n<meta property=\"article:modified_time\" content=\"2023-12-12T00:28:14+00:00\" \/>\n<meta property=\"og:image\" content=\"https:\/\/www.aberje.com.br\/ce\/wp-content\/uploads\/2023\/12\/Conferencia-Amazonia-novas-economias.jpg\" \/>\n\t<meta property=\"og:image:width\" content=\"799\" \/>\n\t<meta property=\"og:image:height\" content=\"533\" \/>\n\t<meta property=\"og:image:type\" content=\"image\/jpeg\" \/>\n<meta name=\"twitter:card\" content=\"summary_large_image\" \/>\n<meta name=\"twitter:label1\" content=\"Est. tempo de leitura\" \/>\n\t<meta name=\"twitter:data1\" content=\"1 minuto\" \/>\n<script type=\"application\/ld+json\" class=\"yoast-schema-graph\">{\"@context\":\"https:\/\/schema.org\",\"@graph\":[{\"@type\":\"WebPage\",\"@id\":\"https:\/\/www.aberje.com.br\/ce\/premio-aberje\/2023\/premios-especiais\/comunicacao-da-amazonia\/\",\"url\":\"https:\/\/www.aberje.com.br\/ce\/premio-aberje\/2023\/premios-especiais\/comunicacao-da-amazonia\/\",\"name\":\"Confer\u00eancia Internacional da Amaz\u00f4nia e Novas Economias - CE\",\"isPartOf\":{\"@id\":\"https:\/\/www.aberje.com.br\/ce\/#website\"},\"primaryImageOfPage\":{\"@id\":\"https:\/\/www.aberje.com.br\/ce\/premio-aberje\/2023\/premios-especiais\/comunicacao-da-amazonia\/#primaryimage\"},\"image\":{\"@id\":\"https:\/\/www.aberje.com.br\/ce\/premio-aberje\/2023\/premios-especiais\/comunicacao-da-amazonia\/#primaryimage\"},\"thumbnailUrl\":\"https:\/\/www.aberje.com.br\/ce\/wp-content\/uploads\/2023\/12\/Conferencia-Amazonia-novas-economias.jpg\",\"datePublished\":\"2023-12-11T13:36:28+00:00\",\"dateModified\":\"2023-12-12T00:28:14+00:00\",\"breadcrumb\":{\"@id\":\"https:\/\/www.aberje.com.br\/ce\/premio-aberje\/2023\/premios-especiais\/comunicacao-da-amazonia\/#breadcrumb\"},\"inLanguage\":\"pt-BR\",\"potentialAction\":[{\"@type\":\"ReadAction\",\"target\":[\"https:\/\/www.aberje.com.br\/ce\/premio-aberje\/2023\/premios-especiais\/comunicacao-da-amazonia\/\"]}]},{\"@type\":\"ImageObject\",\"inLanguage\":\"pt-BR\",\"@id\":\"https:\/\/www.aberje.com.br\/ce\/premio-aberje\/2023\/premios-especiais\/comunicacao-da-amazonia\/#primaryimage\",\"url\":\"https:\/\/www.aberje.com.br\/ce\/wp-content\/uploads\/2023\/12\/Conferencia-Amazonia-novas-economias.jpg\",\"contentUrl\":\"https:\/\/www.aberje.com.br\/ce\/wp-content\/uploads\/2023\/12\/Conferencia-Amazonia-novas-economias.jpg\",\"width\":799,\"height\":533},{\"@type\":\"BreadcrumbList\",\"@id\":\"https:\/\/www.aberje.com.br\/ce\/premio-aberje\/2023\/premios-especiais\/comunicacao-da-amazonia\/#breadcrumb\",\"itemListElement\":[{\"@type\":\"ListItem\",\"position\":1,\"name\":\"In\u00edcio\",\"item\":\"https:\/\/www.aberje.com.br\/ce\/\"},{\"@type\":\"ListItem\",\"position\":2,\"name\":\"Confer\u00eancia Internacional da Amaz\u00f4nia e Novas Economias\"}]},{\"@type\":\"WebSite\",\"@id\":\"https:\/\/www.aberje.com.br\/ce\/#website\",\"url\":\"https:\/\/www.aberje.com.br\/ce\/\",\"name\":\"CE\",\"description\":\"Revista Comunica\u00e7\u00e3o Empresarial\",\"potentialAction\":[{\"@type\":\"SearchAction\",\"target\":{\"@type\":\"EntryPoint\",\"urlTemplate\":\"https:\/\/www.aberje.com.br\/ce\/?s={search_term_string}\"},\"query-input\":{\"@type\":\"PropertyValueSpecification\",\"valueRequired\":true,\"valueName\":\"search_term_string\"}}],\"inLanguage\":\"pt-BR\"}]}<\/script>\n<!-- \/ Yoast SEO plugin. -->","yoast_head_json":{"title":"Confer\u00eancia Internacional da Amaz\u00f4nia e Novas Economias - CE","robots":{"index":"index","follow":"follow","max-snippet":"max-snippet:-1","max-image-preview":"max-image-preview:large","max-video-preview":"max-video-preview:-1"},"canonical":"https:\/\/www.aberje.com.br\/ce\/premio-aberje\/2023\/premios-especiais\/comunicacao-da-amazonia\/","og_locale":"pt_BR","og_type":"article","og_title":"Confer\u00eancia Internacional da Amaz\u00f4nia e Novas Economias - CE","og_description":"A Amaz\u00f4nia se tornou um novo centro do mundo. E quando a aten\u00e7\u00e3o se torna muito grande, \u00e9 preciso criar novos espa\u00e7os de discuss\u00e3o. Este \u00e9 o caso da Confer\u00eancia Internacional Amaz\u00f4nia e Novas Economias, promovido este ano em Bel\u00e9m, no Par\u00e1, pelo Instituto Brasileiro de Minera\u00e7\u00e3o. O projeto, que j\u00e1 possui confirma\u00e7\u00e3o de uma &hellip; Continuar lendo Confer\u00eancia Internacional da Amaz\u00f4nia e Novas Economias","og_url":"https:\/\/www.aberje.com.br\/ce\/premio-aberje\/2023\/premios-especiais\/comunicacao-da-amazonia\/","og_site_name":"CE","article_modified_time":"2023-12-12T00:28:14+00:00","og_image":[{"width":799,"height":533,"url":"https:\/\/www.aberje.com.br\/ce\/wp-content\/uploads\/2023\/12\/Conferencia-Amazonia-novas-economias.jpg","type":"image\/jpeg"}],"twitter_card":"summary_large_image","twitter_misc":{"Est. tempo de leitura":"1 minuto"},"schema":{"@context":"https:\/\/schema.org","@graph":[{"@type":"WebPage","@id":"https:\/\/www.aberje.com.br\/ce\/premio-aberje\/2023\/premios-especiais\/comunicacao-da-amazonia\/","url":"https:\/\/www.aberje.com.br\/ce\/premio-aberje\/2023\/premios-especiais\/comunicacao-da-amazonia\/","name":"Confer\u00eancia Internacional da Amaz\u00f4nia e Novas Economias - CE","isPartOf":{"@id":"https:\/\/www.aberje.com.br\/ce\/#website"},"primaryImageOfPage":{"@id":"https:\/\/www.aberje.com.br\/ce\/premio-aberje\/2023\/premios-especiais\/comunicacao-da-amazonia\/#primaryimage"},"image":{"@id":"https:\/\/www.aberje.com.br\/ce\/premio-aberje\/2023\/premios-especiais\/comunicacao-da-amazonia\/#primaryimage"},"thumbnailUrl":"https:\/\/www.aberje.com.br\/ce\/wp-content\/uploads\/2023\/12\/Conferencia-Amazonia-novas-economias.jpg","datePublished":"2023-12-11T13:36:28+00:00","dateModified":"2023-12-12T00:28:14+00:00","breadcrumb":{"@id":"https:\/\/www.aberje.com.br\/ce\/premio-aberje\/2023\/premios-especiais\/comunicacao-da-amazonia\/#breadcrumb"},"inLanguage":"pt-BR","potentialAction":[{"@type":"ReadAction","target":["https:\/\/www.aberje.com.br\/ce\/premio-aberje\/2023\/premios-especiais\/comunicacao-da-amazonia\/"]}]},{"@type":"ImageObject","inLanguage":"pt-BR","@id":"https:\/\/www.aberje.com.br\/ce\/premio-aberje\/2023\/premios-especiais\/comunicacao-da-amazonia\/#primaryimage","url":"https:\/\/www.aberje.com.br\/ce\/wp-content\/uploads\/2023\/12\/Conferencia-Amazonia-novas-economias.jpg","contentUrl":"https:\/\/www.aberje.com.br\/ce\/wp-content\/uploads\/2023\/12\/Conferencia-Amazonia-novas-economias.jpg","width":799,"height":533},{"@type":"BreadcrumbList","@id":"https:\/\/www.aberje.com.br\/ce\/premio-aberje\/2023\/premios-especiais\/comunicacao-da-amazonia\/#breadcrumb","itemListElement":[{"@type":"ListItem","position":1,"name":"In\u00edcio","item":"https:\/\/www.aberje.com.br\/ce\/"},{"@type":"ListItem","position":2,"name":"Confer\u00eancia Internacional da Amaz\u00f4nia e Novas Economias"}]},{"@type":"WebSite","@id":"https:\/\/www.aberje.com.br\/ce\/#website","url":"https:\/\/www.aberje.com.br\/ce\/","name":"CE","description":"Revista Comunica\u00e7\u00e3o Empresarial","potentialAction":[{"@type":"SearchAction","target":{"@type":"EntryPoint","urlTemplate":"https:\/\/www.aberje.com.br\/ce\/?s={search_term_string}"},"query-input":{"@type":"PropertyValueSpecification","valueRequired":true,"valueName":"search_term_string"}}],"inLanguage":"pt-BR"}]}},"_links":{"self":[{"href":"https:\/\/www.aberje.com.br\/ce\/wp-json\/wp\/v2\/premiado-aberje\/3832","targetHints":{"allow":["GET"]}}],"collection":[{"href":"https:\/\/www.aberje.com.br\/ce\/wp-json\/wp\/v2\/premiado-aberje"}],"about":[{"href":"https:\/\/www.aberje.com.br\/ce\/wp-json\/wp\/v2\/types\/premiado-aberje"}],"version-history":[{"count":4,"href":"https:\/\/www.aberje.com.br\/ce\/wp-json\/wp\/v2\/premiado-aberje\/3832\/revisions"}],"predecessor-version":[{"id":3972,"href":"https:\/\/www.aberje.com.br\/ce\/wp-json\/wp\/v2\/premiado-aberje\/3832\/revisions\/3972"}],"wp:featuredmedia":[{"embeddable":true,"href":"https:\/\/www.aberje.com.br\/ce\/wp-json\/wp\/v2\/media\/3834"}],"wp:attachment":[{"href":"https:\/\/www.aberje.com.br\/ce\/wp-json\/wp\/v2\/media?parent=3832"}],"wp:term":[{"taxonomy":"categoria-premio","embeddable":true,"href":"https:\/\/www.aberje.com.br\/ce\/wp-json\/wp\/v2\/categoria-premio?post=3832"}],"curies":[{"name":"wp","href":"https:\/\/api.w.org\/{rel}","templated":true}]}}

Conferência Internacional da Amazônia e Novas Economias

<p>A Amazônia se tornou um novo centro do mundo. E quando a atenção se torna muito grande, é preciso criar novos espaços de discussão. Este é o caso da Conferência Internacional Amazônia e Novas Economias, promovido este ano em Belém, no Pará, pelo Instituto Brasileiro de Mineração. O projeto, que já possui confirmação de uma segunda edição, obteve êxito em reunir vozes plurais e representativas de dentro e fora da Amazônia, das mais diversas áreas do conhecimento e dos diversos grupos locais, expondo com clareza e segurança suas preocupações, interesses e estratégias para garantir o desenvolvimento sustentável da região, unindo setor produtivo, representantes de governo e terceiro setor, considerando a cultura e comunicação como partes essenciais deste processo.</p>
<p>Por criar espaços de diálogos de excelência, em formato e conteúdo inovadores, discutindo seriamente a região amazônica e ouvindo as diversas vozes existentes, <strong>a Aberje concede à Conferência Internacional Amazônia e Novas Economias, do IBRAM, o Prêmio Especial Comunicação da Amazônia.</strong></p>

<p>A Amazônia se tornou um novo centro do mundo. E quando a atenção se torna muito grande, é preciso criar novos espaços de discussão. Este é o caso da Conferência Internacional Amazônia e Novas Economias, promovido este ano em Belém, no Pará, pelo Instituto Brasileiro de Mineração. O projeto, que já possui confirmação de uma &hellip; <a href="https://www.aberje.com.br/ce/premio-aberje/2023/premios-especiais/comunicacao-da-amazonia/" class="more-link">Continuar lendo <span class="screen-reader-text">Conferência Internacional da Amazônia e Novas Economias</span></a></p>

<!-- This site is optimized with the Yoast SEO plugin v25.3.1 - https://yoast.com/wordpress/plugins/seo/ -->
<title>Conferência Internacional da Amazônia e Novas Economias - CE</title>
<meta name="robots" content="index, follow, max-snippet:-1, max-image-preview:large, max-video-preview:-1" />
<link rel="canonical" href="https://www.aberje.com.br/ce/premio-aberje/2023/premios-especiais/comunicacao-da-amazonia/" />
<meta property="og:locale" content="pt_BR" />
<meta property="og:type" content="article" />
<meta property="og:title" content="Conferência Internacional da Amazônia e Novas Economias - CE" />
<meta property="og:description" content="A Amazônia se tornou um novo centro do mundo. E quando a atenção se torna muito grande, é preciso criar novos espaços de discussão. Este é o caso da Conferência Internacional Amazônia e Novas Economias, promovido este ano em Belém, no Pará, pelo Instituto Brasileiro de Mineração. O projeto, que já possui confirmação de uma &hellip; Continuar lendo Conferência Internacional da Amazônia e Novas Economias" />
<meta property="og:url" content="https://www.aberje.com.br/ce/premio-aberje/2023/premios-especiais/comunicacao-da-amazonia/" />
<meta property="og:site_name" content="CE" />
<meta property="article:modified_time" content="2023-12-12T00:28:14+00:00" />
<meta property="og:image" content="https://www.aberje.com.br/ce/wp-content/uploads/2023/12/Conferencia-Amazonia-novas-economias.jpg" />
	<meta property="og:image:width" content="799" />
	<meta property="og:image:height" content="533" />
	<meta property="og:image:type" content="image/jpeg" />
<meta name="twitter:card" content="summary_large_image" />
<meta name="twitter:label1" content="Est. tempo de leitura" />
	<meta name="twitter:data1" content="1 minuto" />
<script type="application/ld+json" class="yoast-schema-graph">{"@context":"https://schema.org","@graph":[{"@type":"WebPage","@id":"https://www.aberje.com.br/ce/premio-aberje/2023/premios-especiais/comunicacao-da-amazonia/","url":"https://www.aberje.com.br/ce/premio-aberje/2023/premios-especiais/comunicacao-da-amazonia/","name":"Conferência Internacional da Amazônia e Novas Economias - CE","isPartOf":{"@id":"https://www.aberje.com.br/ce/#website"},"primaryImageOfPage":{"@id":"https://www.aberje.com.br/ce/premio-aberje/2023/premios-especiais/comunicacao-da-amazonia/#primaryimage"},"image":{"@id":"https://www.aberje.com.br/ce/premio-aberje/2023/premios-especiais/comunicacao-da-amazonia/#primaryimage"},"thumbnailUrl":"https://www.aberje.com.br/ce/wp-content/uploads/2023/12/Conferencia-Amazonia-novas-economias.jpg","datePublished":"2023-12-11T13:36:28+00:00","dateModified":"2023-12-12T00:28:14+00:00","breadcrumb":{"@id":"https://www.aberje.com.br/ce/premio-aberje/2023/premios-especiais/comunicacao-da-amazonia/#breadcrumb"},"inLanguage":"pt-BR","potentialAction":[{"@type":"ReadAction","target":["https://www.aberje.com.br/ce/premio-aberje/2023/premios-especiais/comunicacao-da-amazonia/"]}]},{"@type":"ImageObject","inLanguage":"pt-BR","@id":"https://www.aberje.com.br/ce/premio-aberje/2023/premios-especiais/comunicacao-da-amazonia/#primaryimage","url":"https://www.aberje.com.br/ce/wp-content/uploads/2023/12/Conferencia-Amazonia-novas-economias.jpg","contentUrl":"https://www.aberje.com.br/ce/wp-content/uploads/2023/12/Conferencia-Amazonia-novas-economias.jpg","width":799,"height":533},{"@type":"BreadcrumbList","@id":"https://www.aberje.com.br/ce/premio-aberje/2023/premios-especiais/comunicacao-da-amazonia/#breadcrumb","itemListElement":[{"@type":"ListItem","position":1,"name":"Início","item":"https://www.aberje.com.br/ce/"},{"@type":"ListItem","position":2,"name":"Conferência Internacional da Amazônia e Novas Economias"}]},{"@type":"WebSite","@id":"https://www.aberje.com.br/ce/#website","url":"https://www.aberje.com.br/ce/","name":"CE","description":"Revista Comunicação Empresarial","potentialAction":[{"@type":"SearchAction","target":{"@type":"EntryPoint","urlTemplate":"https://www.aberje.com.br/ce/?s={search_term_string}"},"query-input":{"@type":"PropertyValueSpecification","valueRequired":true,"valueName":"search_term_string"}}],"inLanguage":"pt-BR"}]}</script>
<!-- / Yoast SEO plugin. -->

Conferência Internacional da Amazônia e Novas Economias - CE

A Amazônia se tornou um novo centro do mundo. E quando a atenção se torna muito grande, é preciso criar novos espaços de discussão. Este é o caso da Conferência Internacional Amazônia e Novas Economias, promovido este ano em Belém, no Pará, pelo Instituto Brasileiro de Mineração. O projeto, que já possui confirmação de uma &hellip; Continuar lendo Conferência Internacional da Amazônia e Novas Economias

Início

Revista Comunicação Empresarial
