{"id":3818,"date":"2023-12-07T17:09:50","date_gmt":"2023-12-07T17:09:50","guid":{"rendered":"https:\/\/www.aberje.com.br\/ce\/?post_type=premiado-aberje&#038;p=3818"},"modified":"2023-12-12T21:21:20","modified_gmt":"2023-12-12T21:21:20","slug":"mariana-viel","status":"publish","type":"premiado-aberje","link":"https:\/\/www.aberje.com.br\/ce\/premio-aberje\/2023\/premios-especiais\/mariana-viel\/","title":{"rendered":"Mariana Viel"},"content":{"rendered":"","protected":false},"excerpt":{"rendered":"","protected":false},"featured_media":3819,"parent":0,"menu_order":0,"template":"","format":"standard","meta":{"_acf_changed":false,"footnotes":""},"categoria-premio":[53,52],"class_list":["post-3818","premiado-aberje","type-premiado-aberje","status-publish","format-standard","has-post-thumbnail","hentry","categoria-premio-comunicadores-do-ano","categoria-premio-premios-especiais"],"acf":[],"yoast_head":"<!-- This site is optimized with the Yoast SEO plugin v25.3.1 - https:\/\/yoast.com\/wordpress\/plugins\/seo\/ -->\n<title>Mariana Viel - CE<\/title>\n<meta name=\"robots\" content=\"index, follow, max-snippet:-1, max-image-preview:large, max-video-preview:-1\" \/>\n<link rel=\"canonical\" href=\"https:\/\/www.aberje.com.br\/ce\/premio-aberje\/2023\/premios-especiais\/mariana-viel\/\" \/>\n<meta property=\"og:locale\" content=\"pt_BR\" \/>\n<meta property=\"og:type\" content=\"article\" \/>\n<meta property=\"og:title\" content=\"Mariana Viel - CE\" \/>\n<meta property=\"og:url\" content=\"https:\/\/www.aberje.com.br\/ce\/premio-aberje\/2023\/premios-especiais\/mariana-viel\/\" \/>\n<meta property=\"og:site_name\" content=\"CE\" \/>\n<meta property=\"article:modified_time\" content=\"2023-12-12T21:21:20+00:00\" \/>\n<meta property=\"og:image\" content=\"https:\/\/www.aberje.com.br\/ce\/wp-content\/uploads\/2023\/12\/MarianaViel0019-scaled-e1701968803281.jpg\" \/>\n\t<meta property=\"og:image:width\" content=\"1200\" \/>\n\t<meta property=\"og:image:height\" content=\"800\" \/>\n\t<meta property=\"og:image:type\" content=\"image\/jpeg\" \/>\n<meta name=\"twitter:card\" content=\"summary_large_image\" \/>\n<script type=\"application\/ld+json\" class=\"yoast-schema-graph\">{\"@context\":\"https:\/\/schema.org\",\"@graph\":[{\"@type\":\"WebPage\",\"@id\":\"https:\/\/www.aberje.com.br\/ce\/premio-aberje\/2023\/premios-especiais\/mariana-viel\/\",\"url\":\"https:\/\/www.aberje.com.br\/ce\/premio-aberje\/2023\/premios-especiais\/mariana-viel\/\",\"name\":\"Mariana Viel - CE\",\"isPartOf\":{\"@id\":\"https:\/\/www.aberje.com.br\/ce\/#website\"},\"primaryImageOfPage\":{\"@id\":\"https:\/\/www.aberje.com.br\/ce\/premio-aberje\/2023\/premios-especiais\/mariana-viel\/#primaryimage\"},\"image\":{\"@id\":\"https:\/\/www.aberje.com.br\/ce\/premio-aberje\/2023\/premios-especiais\/mariana-viel\/#primaryimage\"},\"thumbnailUrl\":\"https:\/\/www.aberje.com.br\/ce\/wp-content\/uploads\/2023\/12\/MarianaViel0019-scaled-e1701968803281.jpg\",\"datePublished\":\"2023-12-07T17:09:50+00:00\",\"dateModified\":\"2023-12-12T21:21:20+00:00\",\"breadcrumb\":{\"@id\":\"https:\/\/www.aberje.com.br\/ce\/premio-aberje\/2023\/premios-especiais\/mariana-viel\/#breadcrumb\"},\"inLanguage\":\"pt-BR\",\"potentialAction\":[{\"@type\":\"ReadAction\",\"target\":[\"https:\/\/www.aberje.com.br\/ce\/premio-aberje\/2023\/premios-especiais\/mariana-viel\/\"]}]},{\"@type\":\"ImageObject\",\"inLanguage\":\"pt-BR\",\"@id\":\"https:\/\/www.aberje.com.br\/ce\/premio-aberje\/2023\/premios-especiais\/mariana-viel\/#primaryimage\",\"url\":\"https:\/\/www.aberje.com.br\/ce\/wp-content\/uploads\/2023\/12\/MarianaViel0019-scaled-e1701968803281.jpg\",\"contentUrl\":\"https:\/\/www.aberje.com.br\/ce\/wp-content\/uploads\/2023\/12\/MarianaViel0019-scaled-e1701968803281.jpg\",\"width\":1200,\"height\":800,\"caption\":\"Mariana de Souza Viel Portonave Pr\u00eamio ABERJE 2023 Foto: Anderson Coelho | Divulga\u00e7\u00e3o 04 12 2023\"},{\"@type\":\"BreadcrumbList\",\"@id\":\"https:\/\/www.aberje.com.br\/ce\/premio-aberje\/2023\/premios-especiais\/mariana-viel\/#breadcrumb\",\"itemListElement\":[{\"@type\":\"ListItem\",\"position\":1,\"name\":\"In\u00edcio\",\"item\":\"https:\/\/www.aberje.com.br\/ce\/\"},{\"@type\":\"ListItem\",\"position\":2,\"name\":\"Mariana Viel\"}]},{\"@type\":\"WebSite\",\"@id\":\"https:\/\/www.aberje.com.br\/ce\/#website\",\"url\":\"https:\/\/www.aberje.com.br\/ce\/\",\"name\":\"CE\",\"description\":\"Revista Comunica\u00e7\u00e3o Empresarial\",\"potentialAction\":[{\"@type\":\"SearchAction\",\"target\":{\"@type\":\"EntryPoint\",\"urlTemplate\":\"https:\/\/www.aberje.com.br\/ce\/?s={search_term_string}\"},\"query-input\":{\"@type\":\"PropertyValueSpecification\",\"valueRequired\":true,\"valueName\":\"search_term_string\"}}],\"inLanguage\":\"pt-BR\"}]}<\/script>\n<!-- \/ Yoast SEO plugin. -->","yoast_head_json":{"title":"Mariana Viel - CE","robots":{"index":"index","follow":"follow","max-snippet":"max-snippet:-1","max-image-preview":"max-image-preview:large","max-video-preview":"max-video-preview:-1"},"canonical":"https:\/\/www.aberje.com.br\/ce\/premio-aberje\/2023\/premios-especiais\/mariana-viel\/","og_locale":"pt_BR","og_type":"article","og_title":"Mariana Viel - CE","og_url":"https:\/\/www.aberje.com.br\/ce\/premio-aberje\/2023\/premios-especiais\/mariana-viel\/","og_site_name":"CE","article_modified_time":"2023-12-12T21:21:20+00:00","og_image":[{"width":1200,"height":800,"url":"https:\/\/www.aberje.com.br\/ce\/wp-content\/uploads\/2023\/12\/MarianaViel0019-scaled-e1701968803281.jpg","type":"image\/jpeg"}],"twitter_card":"summary_large_image","schema":{"@context":"https:\/\/schema.org","@graph":[{"@type":"WebPage","@id":"https:\/\/www.aberje.com.br\/ce\/premio-aberje\/2023\/premios-especiais\/mariana-viel\/","url":"https:\/\/www.aberje.com.br\/ce\/premio-aberje\/2023\/premios-especiais\/mariana-viel\/","name":"Mariana Viel - CE","isPartOf":{"@id":"https:\/\/www.aberje.com.br\/ce\/#website"},"primaryImageOfPage":{"@id":"https:\/\/www.aberje.com.br\/ce\/premio-aberje\/2023\/premios-especiais\/mariana-viel\/#primaryimage"},"image":{"@id":"https:\/\/www.aberje.com.br\/ce\/premio-aberje\/2023\/premios-especiais\/mariana-viel\/#primaryimage"},"thumbnailUrl":"https:\/\/www.aberje.com.br\/ce\/wp-content\/uploads\/2023\/12\/MarianaViel0019-scaled-e1701968803281.jpg","datePublished":"2023-12-07T17:09:50+00:00","dateModified":"2023-12-12T21:21:20+00:00","breadcrumb":{"@id":"https:\/\/www.aberje.com.br\/ce\/premio-aberje\/2023\/premios-especiais\/mariana-viel\/#breadcrumb"},"inLanguage":"pt-BR","potentialAction":[{"@type":"ReadAction","target":["https:\/\/www.aberje.com.br\/ce\/premio-aberje\/2023\/premios-especiais\/mariana-viel\/"]}]},{"@type":"ImageObject","inLanguage":"pt-BR","@id":"https:\/\/www.aberje.com.br\/ce\/premio-aberje\/2023\/premios-especiais\/mariana-viel\/#primaryimage","url":"https:\/\/www.aberje.com.br\/ce\/wp-content\/uploads\/2023\/12\/MarianaViel0019-scaled-e1701968803281.jpg","contentUrl":"https:\/\/www.aberje.com.br\/ce\/wp-content\/uploads\/2023\/12\/MarianaViel0019-scaled-e1701968803281.jpg","width":1200,"height":800,"caption":"Mariana de Souza Viel Portonave Pr\u00eamio ABERJE 2023 Foto: Anderson Coelho | Divulga\u00e7\u00e3o 04 12 2023"},{"@type":"BreadcrumbList","@id":"https:\/\/www.aberje.com.br\/ce\/premio-aberje\/2023\/premios-especiais\/mariana-viel\/#breadcrumb","itemListElement":[{"@type":"ListItem","position":1,"name":"In\u00edcio","item":"https:\/\/www.aberje.com.br\/ce\/"},{"@type":"ListItem","position":2,"name":"Mariana Viel"}]},{"@type":"WebSite","@id":"https:\/\/www.aberje.com.br\/ce\/#website","url":"https:\/\/www.aberje.com.br\/ce\/","name":"CE","description":"Revista Comunica\u00e7\u00e3o Empresarial","potentialAction":[{"@type":"SearchAction","target":{"@type":"EntryPoint","urlTemplate":"https:\/\/www.aberje.com.br\/ce\/?s={search_term_string}"},"query-input":{"@type":"PropertyValueSpecification","valueRequired":true,"valueName":"search_term_string"}}],"inLanguage":"pt-BR"}]}},"_links":{"self":[{"href":"https:\/\/www.aberje.com.br\/ce\/wp-json\/wp\/v2\/premiado-aberje\/3818","targetHints":{"allow":["GET"]}}],"collection":[{"href":"https:\/\/www.aberje.com.br\/ce\/wp-json\/wp\/v2\/premiado-aberje"}],"about":[{"href":"https:\/\/www.aberje.com.br\/ce\/wp-json\/wp\/v2\/types\/premiado-aberje"}],"version-history":[{"count":4,"href":"https:\/\/www.aberje.com.br\/ce\/wp-json\/wp\/v2\/premiado-aberje\/3818\/revisions"}],"predecessor-version":[{"id":4107,"href":"https:\/\/www.aberje.com.br\/ce\/wp-json\/wp\/v2\/premiado-aberje\/3818\/revisions\/4107"}],"wp:featuredmedia":[{"embeddable":true,"href":"https:\/\/www.aberje.com.br\/ce\/wp-json\/wp\/v2\/media\/3819"}],"wp:attachment":[{"href":"https:\/\/www.aberje.com.br\/ce\/wp-json\/wp\/v2\/media?parent=3818"}],"wp:term":[{"taxonomy":"categoria-premio","embeddable":true,"href":"https:\/\/www.aberje.com.br\/ce\/wp-json\/wp\/v2\/categoria-premio?post=3818"}],"curies":[{"name":"wp","href":"https:\/\/api.w.org\/{rel}","templated":true}]}}

<!-- This site is optimized with the Yoast SEO plugin v25.3.1 - https://yoast.com/wordpress/plugins/seo/ -->
<title>Mariana Viel - CE</title>
<meta name="robots" content="index, follow, max-snippet:-1, max-image-preview:large, max-video-preview:-1" />
<link rel="canonical" href="https://www.aberje.com.br/ce/premio-aberje/2023/premios-especiais/mariana-viel/" />
<meta property="og:locale" content="pt_BR" />
<meta property="og:type" content="article" />
<meta property="og:title" content="Mariana Viel - CE" />
<meta property="og:url" content="https://www.aberje.com.br/ce/premio-aberje/2023/premios-especiais/mariana-viel/" />
<meta property="og:site_name" content="CE" />
<meta property="article:modified_time" content="2023-12-12T21:21:20+00:00" />
<meta property="og:image" content="https://www.aberje.com.br/ce/wp-content/uploads/2023/12/MarianaViel0019-scaled-e1701968803281.jpg" />
	<meta property="og:image:width" content="1200" />
	<meta property="og:image:height" content="800" />
	<meta property="og:image:type" content="image/jpeg" />
<meta name="twitter:card" content="summary_large_image" />
<script type="application/ld+json" class="yoast-schema-graph">{"@context":"https://schema.org","@graph":[{"@type":"WebPage","@id":"https://www.aberje.com.br/ce/premio-aberje/2023/premios-especiais/mariana-viel/","url":"https://www.aberje.com.br/ce/premio-aberje/2023/premios-especiais/mariana-viel/","name":"Mariana Viel - CE","isPartOf":{"@id":"https://www.aberje.com.br/ce/#website"},"primaryImageOfPage":{"@id":"https://www.aberje.com.br/ce/premio-aberje/2023/premios-especiais/mariana-viel/#primaryimage"},"image":{"@id":"https://www.aberje.com.br/ce/premio-aberje/2023/premios-especiais/mariana-viel/#primaryimage"},"thumbnailUrl":"https://www.aberje.com.br/ce/wp-content/uploads/2023/12/MarianaViel0019-scaled-e1701968803281.jpg","datePublished":"2023-12-07T17:09:50+00:00","dateModified":"2023-12-12T21:21:20+00:00","breadcrumb":{"@id":"https://www.aberje.com.br/ce/premio-aberje/2023/premios-especiais/mariana-viel/#breadcrumb"},"inLanguage":"pt-BR","potentialAction":[{"@type":"ReadAction","target":["https://www.aberje.com.br/ce/premio-aberje/2023/premios-especiais/mariana-viel/"]}]},{"@type":"ImageObject","inLanguage":"pt-BR","@id":"https://www.aberje.com.br/ce/premio-aberje/2023/premios-especiais/mariana-viel/#primaryimage","url":"https://www.aberje.com.br/ce/wp-content/uploads/2023/12/MarianaViel0019-scaled-e1701968803281.jpg","contentUrl":"https://www.aberje.com.br/ce/wp-content/uploads/2023/12/MarianaViel0019-scaled-e1701968803281.jpg","width":1200,"height":800,"caption":"Mariana de Souza Viel Portonave Prêmio ABERJE 2023 Foto: Anderson Coelho | Divulgação 04 12 2023"},{"@type":"BreadcrumbList","@id":"https://www.aberje.com.br/ce/premio-aberje/2023/premios-especiais/mariana-viel/#breadcrumb","itemListElement":[{"@type":"ListItem","position":1,"name":"Início","item":"https://www.aberje.com.br/ce/"},{"@type":"ListItem","position":2,"name":"Mariana Viel"}]},{"@type":"WebSite","@id":"https://www.aberje.com.br/ce/#website","url":"https://www.aberje.com.br/ce/","name":"CE","description":"Revista Comunicação Empresarial","potentialAction":[{"@type":"SearchAction","target":{"@type":"EntryPoint","urlTemplate":"https://www.aberje.com.br/ce/?s={search_term_string}"},"query-input":{"@type":"PropertyValueSpecification","valueRequired":true,"valueName":"search_term_string"}}],"inLanguage":"pt-BR"}]}</script>
<!-- / Yoast SEO plugin. -->

Mariana de Souza Viel Portonave Prêmio ABERJE 2023 Foto: Anderson Coelho | Divulgação 04 12 2023

Início

Revista Comunicação Empresarial
