{"id":3574,"date":"2023-11-27T15:08:21","date_gmt":"2023-11-27T15:08:21","guid":{"rendered":"https:\/\/www.aberje.com.br\/ce\/?page_id=3574"},"modified":"2024-05-17T21:07:47","modified_gmt":"2024-05-17T21:07:47","slug":"premio-aberje-2023","status":"publish","type":"page","link":"https:\/\/www.aberje.com.br\/ce\/premio-aberje\/2023","title":{"rendered":"Pr\u00eamio Aberje 2023"},"content":{"rendered":"","protected":false},"excerpt":{"rendered":"","protected":false},"author":1,"featured_media":0,"parent":0,"menu_order":7,"comment_status":"closed","ping_status":"closed","template":"","meta":{"_acf_changed":false,"footnotes":""},"class_list":["post-3574","page","type-page","status-publish","hentry"],"acf":[],"yoast_head":"<!-- This site is optimized with the Yoast SEO plugin v25.3.1 - https:\/\/yoast.com\/wordpress\/plugins\/seo\/ -->\n<title>Pr\u00eamio Aberje 2023 - Vencedores<\/title>\n<meta name=\"description\" content=\"Confira todos os vencedores da 49\u00aa edi\u00e7\u00e3o do Pr\u00eamio Aberje, a maior premia\u00e7\u00e3o de comunica\u00e7\u00e3o corporativa do Brasil\" \/>\n<meta name=\"robots\" content=\"index, follow, max-snippet:-1, max-image-preview:large, max-video-preview:-1\" \/>\n<link rel=\"canonical\" href=\"https:\/\/www.aberje.com.br\/ce\/premio-aberje\/2023\" \/>\n<meta property=\"og:locale\" content=\"pt_BR\" \/>\n<meta property=\"og:type\" content=\"article\" \/>\n<meta property=\"og:title\" content=\"Pr\u00eamio Aberje 2023 - Vencedores\" \/>\n<meta property=\"og:description\" content=\"Confira todos os vencedores da 49\u00aa edi\u00e7\u00e3o do Pr\u00eamio Aberje, a maior premia\u00e7\u00e3o de comunica\u00e7\u00e3o corporativa do Brasil\" \/>\n<meta property=\"og:url\" content=\"https:\/\/www.aberje.com.br\/ce\/premio-aberje\/2023\" \/>\n<meta property=\"og:site_name\" content=\"CE\" \/>\n<meta property=\"article:modified_time\" content=\"2024-05-17T21:07:47+00:00\" \/>\n<meta name=\"twitter:card\" content=\"summary_large_image\" \/>\n<script type=\"application\/ld+json\" class=\"yoast-schema-graph\">{\"@context\":\"https:\/\/schema.org\",\"@graph\":[{\"@type\":\"WebPage\",\"@id\":\"https:\/\/www.aberje.com.br\/ce\/premio-aberje\/2023\",\"url\":\"https:\/\/www.aberje.com.br\/ce\/premio-aberje\/2023\",\"name\":\"Pr\u00eamio Aberje 2023 - Vencedores\",\"isPartOf\":{\"@id\":\"https:\/\/www.aberje.com.br\/ce\/#website\"},\"datePublished\":\"2023-11-27T15:08:21+00:00\",\"dateModified\":\"2024-05-17T21:07:47+00:00\",\"description\":\"Confira todos os vencedores da 49\u00aa edi\u00e7\u00e3o do Pr\u00eamio Aberje, a maior premia\u00e7\u00e3o de comunica\u00e7\u00e3o corporativa do Brasil\",\"breadcrumb\":{\"@id\":\"https:\/\/www.aberje.com.br\/ce\/premio-aberje\/2023#breadcrumb\"},\"inLanguage\":\"pt-BR\",\"potentialAction\":[{\"@type\":\"ReadAction\",\"target\":[\"https:\/\/www.aberje.com.br\/ce\/premio-aberje\/2023\"]}]},{\"@type\":\"BreadcrumbList\",\"@id\":\"https:\/\/www.aberje.com.br\/ce\/premio-aberje\/2023#breadcrumb\",\"itemListElement\":[{\"@type\":\"ListItem\",\"position\":1,\"name\":\"In\u00edcio\",\"item\":\"https:\/\/www.aberje.com.br\/ce\/\"},{\"@type\":\"ListItem\",\"position\":2,\"name\":\"Pr\u00eamio Aberje 2023\"}]},{\"@type\":\"WebSite\",\"@id\":\"https:\/\/www.aberje.com.br\/ce\/#website\",\"url\":\"https:\/\/www.aberje.com.br\/ce\/\",\"name\":\"CE\",\"description\":\"Revista Comunica\u00e7\u00e3o Empresarial\",\"potentialAction\":[{\"@type\":\"SearchAction\",\"target\":{\"@type\":\"EntryPoint\",\"urlTemplate\":\"https:\/\/www.aberje.com.br\/ce\/?s={search_term_string}\"},\"query-input\":{\"@type\":\"PropertyValueSpecification\",\"valueRequired\":true,\"valueName\":\"search_term_string\"}}],\"inLanguage\":\"pt-BR\"}]}<\/script>\n<!-- \/ Yoast SEO plugin. -->","yoast_head_json":{"title":"Pr\u00eamio Aberje 2023 - Vencedores","description":"Confira todos os vencedores da 49\u00aa edi\u00e7\u00e3o do Pr\u00eamio Aberje, a maior premia\u00e7\u00e3o de comunica\u00e7\u00e3o corporativa do Brasil","robots":{"index":"index","follow":"follow","max-snippet":"max-snippet:-1","max-image-preview":"max-image-preview:large","max-video-preview":"max-video-preview:-1"},"canonical":"https:\/\/www.aberje.com.br\/ce\/premio-aberje\/2023","og_locale":"pt_BR","og_type":"article","og_title":"Pr\u00eamio Aberje 2023 - Vencedores","og_description":"Confira todos os vencedores da 49\u00aa edi\u00e7\u00e3o do Pr\u00eamio Aberje, a maior premia\u00e7\u00e3o de comunica\u00e7\u00e3o corporativa do Brasil","og_url":"https:\/\/www.aberje.com.br\/ce\/premio-aberje\/2023","og_site_name":"CE","article_modified_time":"2024-05-17T21:07:47+00:00","twitter_card":"summary_large_image","schema":{"@context":"https:\/\/schema.org","@graph":[{"@type":"WebPage","@id":"https:\/\/www.aberje.com.br\/ce\/premio-aberje\/2023","url":"https:\/\/www.aberje.com.br\/ce\/premio-aberje\/2023","name":"Pr\u00eamio Aberje 2023 - Vencedores","isPartOf":{"@id":"https:\/\/www.aberje.com.br\/ce\/#website"},"datePublished":"2023-11-27T15:08:21+00:00","dateModified":"2024-05-17T21:07:47+00:00","description":"Confira todos os vencedores da 49\u00aa edi\u00e7\u00e3o do Pr\u00eamio Aberje, a maior premia\u00e7\u00e3o de comunica\u00e7\u00e3o corporativa do Brasil","breadcrumb":{"@id":"https:\/\/www.aberje.com.br\/ce\/premio-aberje\/2023#breadcrumb"},"inLanguage":"pt-BR","potentialAction":[{"@type":"ReadAction","target":["https:\/\/www.aberje.com.br\/ce\/premio-aberje\/2023"]}]},{"@type":"BreadcrumbList","@id":"https:\/\/www.aberje.com.br\/ce\/premio-aberje\/2023#breadcrumb","itemListElement":[{"@type":"ListItem","position":1,"name":"In\u00edcio","item":"https:\/\/www.aberje.com.br\/ce\/"},{"@type":"ListItem","position":2,"name":"Pr\u00eamio Aberje 2023"}]},{"@type":"WebSite","@id":"https:\/\/www.aberje.com.br\/ce\/#website","url":"https:\/\/www.aberje.com.br\/ce\/","name":"CE","description":"Revista Comunica\u00e7\u00e3o Empresarial","potentialAction":[{"@type":"SearchAction","target":{"@type":"EntryPoint","urlTemplate":"https:\/\/www.aberje.com.br\/ce\/?s={search_term_string}"},"query-input":{"@type":"PropertyValueSpecification","valueRequired":true,"valueName":"search_term_string"}}],"inLanguage":"pt-BR"}]}},"_links":{"self":[{"href":"https:\/\/www.aberje.com.br\/ce\/wp-json\/wp\/v2\/pages\/3574","targetHints":{"allow":["GET"]}}],"collection":[{"href":"https:\/\/www.aberje.com.br\/ce\/wp-json\/wp\/v2\/pages"}],"about":[{"href":"https:\/\/www.aberje.com.br\/ce\/wp-json\/wp\/v2\/types\/page"}],"author":[{"embeddable":true,"href":"https:\/\/www.aberje.com.br\/ce\/wp-json\/wp\/v2\/users\/1"}],"replies":[{"embeddable":true,"href":"https:\/\/www.aberje.com.br\/ce\/wp-json\/wp\/v2\/comments?post=3574"}],"version-history":[{"count":55,"href":"https:\/\/www.aberje.com.br\/ce\/wp-json\/wp\/v2\/pages\/3574\/revisions"}],"predecessor-version":[{"id":4357,"href":"https:\/\/www.aberje.com.br\/ce\/wp-json\/wp\/v2\/pages\/3574\/revisions\/4357"}],"wp:attachment":[{"href":"https:\/\/www.aberje.com.br\/ce\/wp-json\/wp\/v2\/media?parent=3574"}],"curies":[{"name":"wp","href":"https:\/\/api.w.org\/{rel}","templated":true}]}}

Prêmio Aberje 2023

<!-- This site is optimized with the Yoast SEO plugin v25.3.1 - https://yoast.com/wordpress/plugins/seo/ -->
<title>Prêmio Aberje 2023 - Vencedores</title>
<meta name="description" content="Confira todos os vencedores da 49ª edição do Prêmio Aberje, a maior premiação de comunicação corporativa do Brasil" />
<meta name="robots" content="index, follow, max-snippet:-1, max-image-preview:large, max-video-preview:-1" />
<link rel="canonical" href="https://www.aberje.com.br/ce/premio-aberje/2023" />
<meta property="og:locale" content="pt_BR" />
<meta property="og:type" content="article" />
<meta property="og:title" content="Prêmio Aberje 2023 - Vencedores" />
<meta property="og:description" content="Confira todos os vencedores da 49ª edição do Prêmio Aberje, a maior premiação de comunicação corporativa do Brasil" />
<meta property="og:url" content="https://www.aberje.com.br/ce/premio-aberje/2023" />
<meta property="og:site_name" content="CE" />
<meta property="article:modified_time" content="2024-05-17T21:07:47+00:00" />
<meta name="twitter:card" content="summary_large_image" />
<script type="application/ld+json" class="yoast-schema-graph">{"@context":"https://schema.org","@graph":[{"@type":"WebPage","@id":"https://www.aberje.com.br/ce/premio-aberje/2023","url":"https://www.aberje.com.br/ce/premio-aberje/2023","name":"Prêmio Aberje 2023 - Vencedores","isPartOf":{"@id":"https://www.aberje.com.br/ce/#website"},"datePublished":"2023-11-27T15:08:21+00:00","dateModified":"2024-05-17T21:07:47+00:00","description":"Confira todos os vencedores da 49ª edição do Prêmio Aberje, a maior premiação de comunicação corporativa do Brasil","breadcrumb":{"@id":"https://www.aberje.com.br/ce/premio-aberje/2023#breadcrumb"},"inLanguage":"pt-BR","potentialAction":[{"@type":"ReadAction","target":["https://www.aberje.com.br/ce/premio-aberje/2023"]}]},{"@type":"BreadcrumbList","@id":"https://www.aberje.com.br/ce/premio-aberje/2023#breadcrumb","itemListElement":[{"@type":"ListItem","position":1,"name":"Início","item":"https://www.aberje.com.br/ce/"},{"@type":"ListItem","position":2,"name":"Prêmio Aberje 2023"}]},{"@type":"WebSite","@id":"https://www.aberje.com.br/ce/#website","url":"https://www.aberje.com.br/ce/","name":"CE","description":"Revista Comunicação Empresarial","potentialAction":[{"@type":"SearchAction","target":{"@type":"EntryPoint","urlTemplate":"https://www.aberje.com.br/ce/?s={search_term_string}"},"query-input":{"@type":"PropertyValueSpecification","valueRequired":true,"valueName":"search_term_string"}}],"inLanguage":"pt-BR"}]}</script>
<!-- / Yoast SEO plugin. -->

Prêmio Aberje 2023 - Vencedores

Confira todos os vencedores da 49ª edição do Prêmio Aberje, a maior premiação de comunicação corporativa do Brasil

Início

Revista Comunicação Empresarial
